{"id":122,"date":"2025-03-06T00:38:37","date_gmt":"2025-03-05T23:38:37","guid":{"rendered":"https:\/\/gyorteszt.lutheran.hu\/wordpress\/?page_id=122"},"modified":"2025-03-08T21:35:29","modified_gmt":"2025-03-08T20:35:29","slug":"kozbeszerzesi-eljarasok-dokumentumai","status":"publish","type":"page","link":"https:\/\/gyor.lutheran.hu\/?page_id=122","title":{"rendered":"K\u00f6zbeszerz\u00e9si elj\u00e1r\u00e1sok dokumentumai"},"content":{"rendered":"\n<ul class=\"wp-block-list\">\n<li><a href=\"https:\/\/gyor.lutheran.hu\/wp-content\/uploads\/2025\/03\/ATF_KD_Gyor_Szeretethaz_v.pdf\" target=\"_blank\" rel=\"noreferrer noopener\">Aj\u00e1nlatt\u00e9teli felh\u00edv\u00e1s \u00e9s k\u00f6zbeszerz\u00e9si dokumentumok &#8222;Insula Lutherana \u00e9p\u00fcletegy\u00fcttes szereteth\u00e1z \u00e9p\u00fclet fel\u00faj\u00edt\u00e1sa- II. \u00fctem&#8221;\u00a0t\u00e1rgy\u00fa kbt. harmadik r\u00e9sz, uni\u00f3s \u00e9rt\u00e9khat\u00e1r alatti hirdetm\u00e9ny n\u00e9lk\u00fcli ny\u00edlt kbt. 115. \u00a7 (1) bekezd\u00e9s szerint k\u00f6zbeszerz\u00e9si elj\u00e1r\u00e1shoz.<\/a><\/li>\n<\/ul>\n\n\n\n<ul class=\"wp-block-list\">\n<li><a href=\"https:\/\/gyor.lutheran.hu\/wp-content\/uploads\/2025\/03\/Gyor_szeretethaz_II_utem.zip\">A teljes dokument\u00e1ci\u00f3 (t\u00f6m\u00f6r\u00edtett form\u00e1ban:\u00a0zip)<\/a><\/li>\n<\/ul>\n\n\n\n<ul class=\"wp-block-list\">\n<li><a href=\"https:\/\/gyor.lutheran.hu\/wp-content\/uploads\/2025\/03\/Gyor_szeretethaz_II_utem_mod.zip\" target=\"_blank\" rel=\"noreferrer noopener\">Gy\u0151ri Evang\u00e9likus Egyh\u00e1zk\u00f6zs\u00e9g \u201eInsula Lutherana \u00e9p\u00fcletegy\u00fcttes szereteth\u00e1z \u00e9p\u00fclet fel\u00faj\u00edt\u00e1sa- II. \u00dctem\u201d kbt. harmadik r\u00e9sz, uni\u00f3s \u00e9rt\u00e9khat\u00e1r alatti hirdetm\u00e9ny n\u00e9lk\u00fcli ny\u00edlt k\u00f6zbeszerz\u00e9si elj\u00e1r\u00e1s a kbt. 115. \u00a7 (1) bekezd\u00e9s szerint \u201et\u00e1j\u00e9koztat\u00e1s m\u00f3dos\u00edt\u00e1sr\u00f3l&#8221; t\u00e1rgy\u00fa dokumentum &#8211; m\u00f3dos\u00edtott aj\u00e1nlatt\u00e9teli felh\u00edv\u00e1s \u00e9s k\u00f6zbeszerz\u00e9si Dokumentumai, valamint mell\u00e9klete<\/a><\/li>\n<\/ul>\n\n\n\n<ul class=\"wp-block-list\">\n<li><a href=\"http:\/\/bontsi-jegyzknyv.pdf\" target=\"_blank\" rel=\"noreferrer noopener\">az \u201eInsula Lutherana \u00e9p\u00fcletegy\u00fcttes Szereteth\u00e1z \u00e9p\u00fclet fel\u00faj\u00edt\u00e1sa- II. \u00fctem\u201d\u00a0 hiteles\u00edtett \u00e9s az aj\u00e1nlattev\u0151knek kik\u00fcld\u00f6tt bont\u00e1si jegyz\u0151k\u00f6nyv<\/a><\/li>\n<\/ul>\n\n\n\n<ul class=\"wp-block-list\">\n<li><a href=\"http:\/\/Felkrt-gazdasgi-szereplk_Gyr_Szeretethz.pdf\" target=\"_blank\" rel=\"noreferrer noopener\">az \u201eInsula Lutherana \u00e9p\u00fcletegy\u00fcttes Szereteth\u00e1z \u00e9p\u00fclet fel\u00faj\u00edt\u00e1sa- II. \u00fctem\u201d\u00a0aj\u00e1nlatt\u00e9telre felk\u00e9rt gazdas\u00e1gi szerepl\u0151k<\/a><\/li>\n<\/ul>\n\n\n\n<ul class=\"wp-block-list\">\n<li><a href=\"http:\/\/osszegezes_Gyr_Szeretethz.pdf\" target=\"_blank\" rel=\"noreferrer noopener\">\u201eInsula Lutherana \u00e9p\u00fcletegy\u00fcttes Szereteth\u00e1z \u00e9p\u00fclet fel\u00faj\u00edt\u00e1sa- II. \u00fctem\u201d &#8211; \u00d6sszegz\u00e9s az aj\u00e1nlatok elb\u00edr\u00e1l\u00e1s\u00e1r\u00f3l<\/a><\/li>\n<\/ul>\n\n\n\n<p><\/p>\n","protected":false},"excerpt":{"rendered":"","protected":false},"author":1,"featured_media":0,"parent":118,"menu_order":20,"comment_status":"closed","ping_status":"closed","template":"","meta":{"footnotes":""},"class_list":["post-122","page","type-page","status-publish","hentry"],"yoast_head":"<!-- This site is optimized with the Yoast SEO plugin v27.4 - https:\/\/yoast.com\/product\/yoast-seo-wordpress\/ -->\n<title>K\u00f6zbeszerz\u00e9si elj\u00e1r\u00e1sok dokumentumai - Gy\u0151ri Evang\u00e9likus Egyh\u00e1zk\u00f6zs\u00e9g<\/title>\n<meta name=\"robots\" content=\"index, follow, max-snippet:-1, max-image-preview:large, max-video-preview:-1\" \/>\n<link rel=\"canonical\" href=\"https:\/\/gyor.lutheran.hu\/?page_id=122\" \/>\n<meta property=\"og:locale\" content=\"hu_HU\" \/>\n<meta property=\"og:type\" content=\"article\" \/>\n<meta property=\"og:title\" content=\"K\u00f6zbeszerz\u00e9si elj\u00e1r\u00e1sok dokumentumai - Gy\u0151ri Evang\u00e9likus Egyh\u00e1zk\u00f6zs\u00e9g\" \/>\n<meta property=\"og:url\" content=\"https:\/\/gyor.lutheran.hu\/?page_id=122\" \/>\n<meta property=\"og:site_name\" content=\"Gy\u0151ri Evang\u00e9likus Egyh\u00e1zk\u00f6zs\u00e9g\" \/>\n<meta property=\"article:publisher\" content=\"https:\/\/www.facebook.com\/profile.php?id=100064848424606\" \/>\n<meta property=\"article:modified_time\" content=\"2025-03-08T20:35:29+00:00\" \/>\n<meta name=\"twitter:card\" content=\"summary_large_image\" \/>\n<meta name=\"twitter:label1\" content=\"Becs\u00fclt olvas\u00e1si id\u0151\" \/>\n\t<meta name=\"twitter:data1\" content=\"1 perc\" \/>\n<script type=\"application\/ld+json\" class=\"yoast-schema-graph\">{\"@context\":\"https:\\\/\\\/schema.org\",\"@graph\":[{\"@type\":\"WebPage\",\"@id\":\"https:\\\/\\\/gyor.lutheran.hu\\\/?page_id=122\",\"url\":\"https:\\\/\\\/gyor.lutheran.hu\\\/?page_id=122\",\"name\":\"K\u00f6zbeszerz\u00e9si elj\u00e1r\u00e1sok dokumentumai - Gy\u0151ri Evang\u00e9likus Egyh\u00e1zk\u00f6zs\u00e9g\",\"isPartOf\":{\"@id\":\"https:\\\/\\\/gyor.lutheran.hu\\\/#website\"},\"datePublished\":\"2025-03-05T23:38:37+00:00\",\"dateModified\":\"2025-03-08T20:35:29+00:00\",\"breadcrumb\":{\"@id\":\"https:\\\/\\\/gyor.lutheran.hu\\\/?page_id=122#breadcrumb\"},\"inLanguage\":\"hu\",\"potentialAction\":[{\"@type\":\"ReadAction\",\"target\":[\"https:\\\/\\\/gyor.lutheran.hu\\\/?page_id=122\"]}]},{\"@type\":\"BreadcrumbList\",\"@id\":\"https:\\\/\\\/gyor.lutheran.hu\\\/?page_id=122#breadcrumb\",\"itemListElement\":[{\"@type\":\"ListItem\",\"position\":1,\"name\":\"Home\",\"item\":\"https:\\\/\\\/gyor.lutheran.hu\\\/\"},{\"@type\":\"ListItem\",\"position\":2,\"name\":\"R\u00f3lunk\",\"item\":\"https:\\\/\\\/gyor.lutheran.hu\\\/?page_id=18\"},{\"@type\":\"ListItem\",\"position\":3,\"name\":\"Dokumentumok\",\"item\":\"https:\\\/\\\/gyor.lutheran.hu\\\/?page_id=118\"},{\"@type\":\"ListItem\",\"position\":4,\"name\":\"K\u00f6zbeszerz\u00e9si elj\u00e1r\u00e1sok dokumentumai\"}]},{\"@type\":\"WebSite\",\"@id\":\"https:\\\/\\\/gyor.lutheran.hu\\\/#website\",\"url\":\"https:\\\/\\\/gyor.lutheran.hu\\\/\",\"name\":\"Gy\u0151ri Evang\u00e9likus Egyh\u00e1zk\u00f6zs\u00e9g\",\"description\":\"\",\"publisher\":{\"@id\":\"https:\\\/\\\/gyor.lutheran.hu\\\/#organization\"},\"potentialAction\":[{\"@type\":\"SearchAction\",\"target\":{\"@type\":\"EntryPoint\",\"urlTemplate\":\"https:\\\/\\\/gyor.lutheran.hu\\\/?s={search_term_string}\"},\"query-input\":{\"@type\":\"PropertyValueSpecification\",\"valueRequired\":true,\"valueName\":\"search_term_string\"}}],\"inLanguage\":\"hu\"},{\"@type\":\"Organization\",\"@id\":\"https:\\\/\\\/gyor.lutheran.hu\\\/#organization\",\"name\":\"Gy\u0151ri Evang\u00e9likus Egyh\u00e1zk\u00f6zs\u00e9g\",\"url\":\"https:\\\/\\\/gyor.lutheran.hu\\\/\",\"logo\":{\"@type\":\"ImageObject\",\"inLanguage\":\"hu\",\"@id\":\"https:\\\/\\\/gyor.lutheran.hu\\\/#\\\/schema\\\/logo\\\/image\\\/\",\"url\":\"https:\\\/\\\/gyor.lutheran.hu\\\/wp-content\\\/uploads\\\/2025\\\/02\\\/logo.jpg\",\"contentUrl\":\"https:\\\/\\\/gyor.lutheran.hu\\\/wp-content\\\/uploads\\\/2025\\\/02\\\/logo.jpg\",\"width\":160,\"height\":160,\"caption\":\"Gy\u0151ri Evang\u00e9likus Egyh\u00e1zk\u00f6zs\u00e9g\"},\"image\":{\"@id\":\"https:\\\/\\\/gyor.lutheran.hu\\\/#\\\/schema\\\/logo\\\/image\\\/\"},\"sameAs\":[\"https:\\\/\\\/www.facebook.com\\\/profile.php?id=100064848424606\"]}]}<\/script>\n<!-- \/ Yoast SEO plugin. -->","yoast_head_json":{"title":"K\u00f6zbeszerz\u00e9si elj\u00e1r\u00e1sok dokumentumai - Gy\u0151ri Evang\u00e9likus Egyh\u00e1zk\u00f6zs\u00e9g","robots":{"index":"index","follow":"follow","max-snippet":"max-snippet:-1","max-image-preview":"max-image-preview:large","max-video-preview":"max-video-preview:-1"},"canonical":"https:\/\/gyor.lutheran.hu\/?page_id=122","og_locale":"hu_HU","og_type":"article","og_title":"K\u00f6zbeszerz\u00e9si elj\u00e1r\u00e1sok dokumentumai - Gy\u0151ri Evang\u00e9likus Egyh\u00e1zk\u00f6zs\u00e9g","og_url":"https:\/\/gyor.lutheran.hu\/?page_id=122","og_site_name":"Gy\u0151ri Evang\u00e9likus Egyh\u00e1zk\u00f6zs\u00e9g","article_publisher":"https:\/\/www.facebook.com\/profile.php?id=100064848424606","article_modified_time":"2025-03-08T20:35:29+00:00","twitter_card":"summary_large_image","twitter_misc":{"Becs\u00fclt olvas\u00e1si id\u0151":"1 perc"},"schema":{"@context":"https:\/\/schema.org","@graph":[{"@type":"WebPage","@id":"https:\/\/gyor.lutheran.hu\/?page_id=122","url":"https:\/\/gyor.lutheran.hu\/?page_id=122","name":"K\u00f6zbeszerz\u00e9si elj\u00e1r\u00e1sok dokumentumai - Gy\u0151ri Evang\u00e9likus Egyh\u00e1zk\u00f6zs\u00e9g","isPartOf":{"@id":"https:\/\/gyor.lutheran.hu\/#website"},"datePublished":"2025-03-05T23:38:37+00:00","dateModified":"2025-03-08T20:35:29+00:00","breadcrumb":{"@id":"https:\/\/gyor.lutheran.hu\/?page_id=122#breadcrumb"},"inLanguage":"hu","potentialAction":[{"@type":"ReadAction","target":["https:\/\/gyor.lutheran.hu\/?page_id=122"]}]},{"@type":"BreadcrumbList","@id":"https:\/\/gyor.lutheran.hu\/?page_id=122#breadcrumb","itemListElement":[{"@type":"ListItem","position":1,"name":"Home","item":"https:\/\/gyor.lutheran.hu\/"},{"@type":"ListItem","position":2,"name":"R\u00f3lunk","item":"https:\/\/gyor.lutheran.hu\/?page_id=18"},{"@type":"ListItem","position":3,"name":"Dokumentumok","item":"https:\/\/gyor.lutheran.hu\/?page_id=118"},{"@type":"ListItem","position":4,"name":"K\u00f6zbeszerz\u00e9si elj\u00e1r\u00e1sok dokumentumai"}]},{"@type":"WebSite","@id":"https:\/\/gyor.lutheran.hu\/#website","url":"https:\/\/gyor.lutheran.hu\/","name":"Gy\u0151ri Evang\u00e9likus Egyh\u00e1zk\u00f6zs\u00e9g","description":"","publisher":{"@id":"https:\/\/gyor.lutheran.hu\/#organization"},"potentialAction":[{"@type":"SearchAction","target":{"@type":"EntryPoint","urlTemplate":"https:\/\/gyor.lutheran.hu\/?s={search_term_string}"},"query-input":{"@type":"PropertyValueSpecification","valueRequired":true,"valueName":"search_term_string"}}],"inLanguage":"hu"},{"@type":"Organization","@id":"https:\/\/gyor.lutheran.hu\/#organization","name":"Gy\u0151ri Evang\u00e9likus Egyh\u00e1zk\u00f6zs\u00e9g","url":"https:\/\/gyor.lutheran.hu\/","logo":{"@type":"ImageObject","inLanguage":"hu","@id":"https:\/\/gyor.lutheran.hu\/#\/schema\/logo\/image\/","url":"https:\/\/gyor.lutheran.hu\/wp-content\/uploads\/2025\/02\/logo.jpg","contentUrl":"https:\/\/gyor.lutheran.hu\/wp-content\/uploads\/2025\/02\/logo.jpg","width":160,"height":160,"caption":"Gy\u0151ri Evang\u00e9likus Egyh\u00e1zk\u00f6zs\u00e9g"},"image":{"@id":"https:\/\/gyor.lutheran.hu\/#\/schema\/logo\/image\/"},"sameAs":["https:\/\/www.facebook.com\/profile.php?id=100064848424606"]}]}},"_links":{"self":[{"href":"https:\/\/gyor.lutheran.hu\/index.php?rest_route=\/wp\/v2\/pages\/122","targetHints":{"allow":["GET"]}}],"collection":[{"href":"https:\/\/gyor.lutheran.hu\/index.php?rest_route=\/wp\/v2\/pages"}],"about":[{"href":"https:\/\/gyor.lutheran.hu\/index.php?rest_route=\/wp\/v2\/types\/page"}],"author":[{"embeddable":true,"href":"https:\/\/gyor.lutheran.hu\/index.php?rest_route=\/wp\/v2\/users\/1"}],"replies":[{"embeddable":true,"href":"https:\/\/gyor.lutheran.hu\/index.php?rest_route=%2Fwp%2Fv2%2Fcomments&post=122"}],"version-history":[{"count":2,"href":"https:\/\/gyor.lutheran.hu\/index.php?rest_route=\/wp\/v2\/pages\/122\/revisions"}],"predecessor-version":[{"id":210,"href":"https:\/\/gyor.lutheran.hu\/index.php?rest_route=\/wp\/v2\/pages\/122\/revisions\/210"}],"up":[{"embeddable":true,"href":"https:\/\/gyor.lutheran.hu\/index.php?rest_route=\/wp\/v2\/pages\/118"}],"wp:attachment":[{"href":"https:\/\/gyor.lutheran.hu\/index.php?rest_route=%2Fwp%2Fv2%2Fmedia&parent=122"}],"curies":[{"name":"wp","href":"https:\/\/api.w.org\/{rel}","templated":true}]}}