{"id":18,"date":"2025-02-25T22:08:36","date_gmt":"2025-02-25T22:08:36","guid":{"rendered":"https:\/\/gyorteszt.lutheran.hu\/wordpress\/?page_id=18"},"modified":"2025-03-06T01:03:23","modified_gmt":"2025-03-06T00:03:23","slug":"rolunk","status":"publish","type":"page","link":"https:\/\/gyor.lutheran.hu\/?page_id=18","title":{"rendered":"R\u00f3lunk"},"content":{"rendered":"<ul class=\"wp-block-page-list\"><li class=\"wp-block-pages-list__item\"><a class=\"wp-block-pages-list__item__link\" href=\"https:\/\/gyor.lutheran.hu\/?page_id=707\">Testv\u00e9rgy\u00fclekezeteink<\/a><\/li><li class=\"wp-block-pages-list__item\"><a class=\"wp-block-pages-list__item__link\" href=\"https:\/\/gyor.lutheran.hu\/?page_id=110\">T\u00f6rt\u00e9net\u00fcnk<\/a><\/li><li class=\"wp-block-pages-list__item has-child\"><a class=\"wp-block-pages-list__item__link\" href=\"https:\/\/gyor.lutheran.hu\/?page_id=26\">Templomaink<\/a><ul class=\"wp-block-navigation__submenu-container\"><li class=\"wp-block-pages-list__item \"><a class=\"wp-block-pages-list__item__link\" href=\"https:\/\/gyor.lutheran.hu\/?page_id=370\">B\u00e1csai Imah\u00e1z<\/a><\/li><li class=\"wp-block-pages-list__item \"><a class=\"wp-block-pages-list__item__link\" href=\"https:\/\/gyor.lutheran.hu\/?page_id=372\">B\u00f6rcsi Evang\u00e9likus Templom<\/a><\/li><li class=\"wp-block-pages-list__item \"><a class=\"wp-block-pages-list__item__link\" href=\"https:\/\/gyor.lutheran.hu\/?page_id=381\">Gy\u00f6ny\u00fci Reform\u00e1tus-Evang\u00e9likus Templom<\/a><\/li><li class=\"wp-block-pages-list__item \"><a class=\"wp-block-pages-list__item__link\" href=\"https:\/\/gyor.lutheran.hu\/?page_id=34\">N\u00e1dorv\u00e1rosi \u00fajtemplom<\/a><\/li><li class=\"wp-block-pages-list__item \"><a class=\"wp-block-pages-list__item__link\" href=\"https:\/\/gyor.lutheran.hu\/?page_id=29\">\u00d6regtemplom<\/a><\/li><li class=\"wp-block-pages-list__item \"><a class=\"wp-block-pages-list__item__link\" href=\"https:\/\/gyor.lutheran.hu\/?page_id=377\">\u00d6ttev\u00e9nyi Evang\u00e9likus Templom<\/a><\/li><li class=\"wp-block-pages-list__item \"><a class=\"wp-block-pages-list__item__link\" href=\"https:\/\/gyor.lutheran.hu\/?page_id=379\">Szabadhegyi Imah\u00e1z<\/a><\/li><\/ul><\/li><li class=\"wp-block-pages-list__item\"><a class=\"wp-block-pages-list__item__link\" href=\"https:\/\/gyor.lutheran.hu\/?page_id=114\">Insula Lutherana<\/a><\/li><li class=\"wp-block-pages-list__item\"><a class=\"wp-block-pages-list__item__link\" href=\"https:\/\/gyor.lutheran.hu\/?page_id=9\">Tiszts\u00e9gvisel\u0151k<\/a><\/li><li class=\"wp-block-pages-list__item\"><a class=\"wp-block-pages-list__item__link\" href=\"https:\/\/gyor.lutheran.hu\/?page_id=2\">Bizotts\u00e1gok<\/a><\/li><li class=\"wp-block-pages-list__item\"><a class=\"wp-block-pages-list__item__link\" href=\"https:\/\/gyor.lutheran.hu\/?page_id=116\">K\u00f6z\u00e9rdek\u0171 adatok<\/a><\/li><li class=\"wp-block-pages-list__item has-child\"><a class=\"wp-block-pages-list__item__link\" href=\"https:\/\/gyor.lutheran.hu\/?page_id=118\">Dokumentumok<\/a><ul class=\"wp-block-navigation__submenu-container\"><li class=\"wp-block-pages-list__item \"><a class=\"wp-block-pages-list__item__link\" href=\"https:\/\/gyor.lutheran.hu\/?page_id=124\">Szab\u00e1lyzatok<\/a><\/li><li class=\"wp-block-pages-list__item \"><a class=\"wp-block-pages-list__item__link\" href=\"https:\/\/gyor.lutheran.hu\/?page_id=122\">K\u00f6zbeszerz\u00e9si elj\u00e1r\u00e1sok dokumentumai<\/a><\/li><li class=\"wp-block-pages-list__item \"><a class=\"wp-block-pages-list__item__link\" href=\"https:\/\/gyor.lutheran.hu\/?page_id=126\">EGYH-KCP-15-0553 \u201eA Gy\u0151r-n\u00e1dorv\u00e1rosi templom f\u0171t\u00e9skorszer\u0171s\u00edt\u00e9se II. \u00fctem\u201d<\/a><\/li><\/ul><\/li><\/ul>\n\n\n<p><\/p>\n","protected":false},"excerpt":{"rendered":"","protected":false},"author":1,"featured_media":0,"parent":0,"menu_order":10,"comment_status":"closed","ping_status":"closed","template":"","meta":{"footnotes":""},"class_list":["post-18","page","type-page","status-publish","hentry"],"yoast_head":"<!-- This site is optimized with the Yoast SEO plugin v27.5 - https:\/\/yoast.com\/product\/yoast-seo-wordpress\/ -->\n<title>R\u00f3lunk - Gy\u0151ri Evang\u00e9likus Egyh\u00e1zk\u00f6zs\u00e9g<\/title>\n<meta name=\"robots\" content=\"index, follow, max-snippet:-1, max-image-preview:large, max-video-preview:-1\" \/>\n<link rel=\"canonical\" href=\"https:\/\/gyor.lutheran.hu\/?page_id=18\" \/>\n<meta property=\"og:locale\" content=\"hu_HU\" \/>\n<meta property=\"og:type\" content=\"article\" \/>\n<meta property=\"og:title\" content=\"R\u00f3lunk - Gy\u0151ri Evang\u00e9likus Egyh\u00e1zk\u00f6zs\u00e9g\" \/>\n<meta property=\"og:url\" content=\"https:\/\/gyor.lutheran.hu\/?page_id=18\" \/>\n<meta property=\"og:site_name\" content=\"Gy\u0151ri Evang\u00e9likus Egyh\u00e1zk\u00f6zs\u00e9g\" \/>\n<meta property=\"article:publisher\" content=\"https:\/\/www.facebook.com\/profile.php?id=100064848424606\" \/>\n<meta property=\"article:modified_time\" content=\"2025-03-06T00:03:23+00:00\" \/>\n<meta name=\"twitter:card\" content=\"summary_large_image\" \/>\n<script type=\"application\/ld+json\" class=\"yoast-schema-graph\">{\"@context\":\"https:\\\/\\\/schema.org\",\"@graph\":[{\"@type\":\"WebPage\",\"@id\":\"https:\\\/\\\/gyor.lutheran.hu\\\/?page_id=18\",\"url\":\"https:\\\/\\\/gyor.lutheran.hu\\\/?page_id=18\",\"name\":\"R\u00f3lunk - Gy\u0151ri Evang\u00e9likus Egyh\u00e1zk\u00f6zs\u00e9g\",\"isPartOf\":{\"@id\":\"https:\\\/\\\/gyor.lutheran.hu\\\/#website\"},\"datePublished\":\"2025-02-25T22:08:36+00:00\",\"dateModified\":\"2025-03-06T00:03:23+00:00\",\"breadcrumb\":{\"@id\":\"https:\\\/\\\/gyor.lutheran.hu\\\/?page_id=18#breadcrumb\"},\"inLanguage\":\"hu\",\"potentialAction\":[{\"@type\":\"ReadAction\",\"target\":[\"https:\\\/\\\/gyor.lutheran.hu\\\/?page_id=18\"]}]},{\"@type\":\"BreadcrumbList\",\"@id\":\"https:\\\/\\\/gyor.lutheran.hu\\\/?page_id=18#breadcrumb\",\"itemListElement\":[{\"@type\":\"ListItem\",\"position\":1,\"name\":\"Home\",\"item\":\"https:\\\/\\\/gyor.lutheran.hu\\\/\"},{\"@type\":\"ListItem\",\"position\":2,\"name\":\"R\u00f3lunk\"}]},{\"@type\":\"WebSite\",\"@id\":\"https:\\\/\\\/gyor.lutheran.hu\\\/#website\",\"url\":\"https:\\\/\\\/gyor.lutheran.hu\\\/\",\"name\":\"Gy\u0151ri Evang\u00e9likus Egyh\u00e1zk\u00f6zs\u00e9g\",\"description\":\"\",\"publisher\":{\"@id\":\"https:\\\/\\\/gyor.lutheran.hu\\\/#organization\"},\"potentialAction\":[{\"@type\":\"SearchAction\",\"target\":{\"@type\":\"EntryPoint\",\"urlTemplate\":\"https:\\\/\\\/gyor.lutheran.hu\\\/?s={search_term_string}\"},\"query-input\":{\"@type\":\"PropertyValueSpecification\",\"valueRequired\":true,\"valueName\":\"search_term_string\"}}],\"inLanguage\":\"hu\"},{\"@type\":\"Organization\",\"@id\":\"https:\\\/\\\/gyor.lutheran.hu\\\/#organization\",\"name\":\"Gy\u0151ri Evang\u00e9likus Egyh\u00e1zk\u00f6zs\u00e9g\",\"url\":\"https:\\\/\\\/gyor.lutheran.hu\\\/\",\"logo\":{\"@type\":\"ImageObject\",\"inLanguage\":\"hu\",\"@id\":\"https:\\\/\\\/gyor.lutheran.hu\\\/#\\\/schema\\\/logo\\\/image\\\/\",\"url\":\"https:\\\/\\\/gyor.lutheran.hu\\\/wp-content\\\/uploads\\\/2025\\\/02\\\/logo.jpg\",\"contentUrl\":\"https:\\\/\\\/gyor.lutheran.hu\\\/wp-content\\\/uploads\\\/2025\\\/02\\\/logo.jpg\",\"width\":160,\"height\":160,\"caption\":\"Gy\u0151ri Evang\u00e9likus Egyh\u00e1zk\u00f6zs\u00e9g\"},\"image\":{\"@id\":\"https:\\\/\\\/gyor.lutheran.hu\\\/#\\\/schema\\\/logo\\\/image\\\/\"},\"sameAs\":[\"https:\\\/\\\/www.facebook.com\\\/profile.php?id=100064848424606\"]}]}<\/script>\n<!-- \/ Yoast SEO plugin. -->","yoast_head_json":{"title":"R\u00f3lunk - Gy\u0151ri Evang\u00e9likus Egyh\u00e1zk\u00f6zs\u00e9g","robots":{"index":"index","follow":"follow","max-snippet":"max-snippet:-1","max-image-preview":"max-image-preview:large","max-video-preview":"max-video-preview:-1"},"canonical":"https:\/\/gyor.lutheran.hu\/?page_id=18","og_locale":"hu_HU","og_type":"article","og_title":"R\u00f3lunk - Gy\u0151ri Evang\u00e9likus Egyh\u00e1zk\u00f6zs\u00e9g","og_url":"https:\/\/gyor.lutheran.hu\/?page_id=18","og_site_name":"Gy\u0151ri Evang\u00e9likus Egyh\u00e1zk\u00f6zs\u00e9g","article_publisher":"https:\/\/www.facebook.com\/profile.php?id=100064848424606","article_modified_time":"2025-03-06T00:03:23+00:00","twitter_card":"summary_large_image","schema":{"@context":"https:\/\/schema.org","@graph":[{"@type":"WebPage","@id":"https:\/\/gyor.lutheran.hu\/?page_id=18","url":"https:\/\/gyor.lutheran.hu\/?page_id=18","name":"R\u00f3lunk - Gy\u0151ri Evang\u00e9likus Egyh\u00e1zk\u00f6zs\u00e9g","isPartOf":{"@id":"https:\/\/gyor.lutheran.hu\/#website"},"datePublished":"2025-02-25T22:08:36+00:00","dateModified":"2025-03-06T00:03:23+00:00","breadcrumb":{"@id":"https:\/\/gyor.lutheran.hu\/?page_id=18#breadcrumb"},"inLanguage":"hu","potentialAction":[{"@type":"ReadAction","target":["https:\/\/gyor.lutheran.hu\/?page_id=18"]}]},{"@type":"BreadcrumbList","@id":"https:\/\/gyor.lutheran.hu\/?page_id=18#breadcrumb","itemListElement":[{"@type":"ListItem","position":1,"name":"Home","item":"https:\/\/gyor.lutheran.hu\/"},{"@type":"ListItem","position":2,"name":"R\u00f3lunk"}]},{"@type":"WebSite","@id":"https:\/\/gyor.lutheran.hu\/#website","url":"https:\/\/gyor.lutheran.hu\/","name":"Gy\u0151ri Evang\u00e9likus Egyh\u00e1zk\u00f6zs\u00e9g","description":"","publisher":{"@id":"https:\/\/gyor.lutheran.hu\/#organization"},"potentialAction":[{"@type":"SearchAction","target":{"@type":"EntryPoint","urlTemplate":"https:\/\/gyor.lutheran.hu\/?s={search_term_string}"},"query-input":{"@type":"PropertyValueSpecification","valueRequired":true,"valueName":"search_term_string"}}],"inLanguage":"hu"},{"@type":"Organization","@id":"https:\/\/gyor.lutheran.hu\/#organization","name":"Gy\u0151ri Evang\u00e9likus Egyh\u00e1zk\u00f6zs\u00e9g","url":"https:\/\/gyor.lutheran.hu\/","logo":{"@type":"ImageObject","inLanguage":"hu","@id":"https:\/\/gyor.lutheran.hu\/#\/schema\/logo\/image\/","url":"https:\/\/gyor.lutheran.hu\/wp-content\/uploads\/2025\/02\/logo.jpg","contentUrl":"https:\/\/gyor.lutheran.hu\/wp-content\/uploads\/2025\/02\/logo.jpg","width":160,"height":160,"caption":"Gy\u0151ri Evang\u00e9likus Egyh\u00e1zk\u00f6zs\u00e9g"},"image":{"@id":"https:\/\/gyor.lutheran.hu\/#\/schema\/logo\/image\/"},"sameAs":["https:\/\/www.facebook.com\/profile.php?id=100064848424606"]}]}},"_links":{"self":[{"href":"https:\/\/gyor.lutheran.hu\/index.php?rest_route=\/wp\/v2\/pages\/18","targetHints":{"allow":["GET"]}}],"collection":[{"href":"https:\/\/gyor.lutheran.hu\/index.php?rest_route=\/wp\/v2\/pages"}],"about":[{"href":"https:\/\/gyor.lutheran.hu\/index.php?rest_route=\/wp\/v2\/types\/page"}],"author":[{"embeddable":true,"href":"https:\/\/gyor.lutheran.hu\/index.php?rest_route=\/wp\/v2\/users\/1"}],"replies":[{"embeddable":true,"href":"https:\/\/gyor.lutheran.hu\/index.php?rest_route=%2Fwp%2Fv2%2Fcomments&post=18"}],"version-history":[{"count":3,"href":"https:\/\/gyor.lutheran.hu\/index.php?rest_route=\/wp\/v2\/pages\/18\/revisions"}],"predecessor-version":[{"id":101,"href":"https:\/\/gyor.lutheran.hu\/index.php?rest_route=\/wp\/v2\/pages\/18\/revisions\/101"}],"wp:attachment":[{"href":"https:\/\/gyor.lutheran.hu\/index.php?rest_route=%2Fwp%2Fv2%2Fmedia&parent=18"}],"curies":[{"name":"wp","href":"https:\/\/api.w.org\/{rel}","templated":true}]}}

Rólunk

<ul class="wp-block-page-list"><li class="wp-block-pages-list__item"><a class="wp-block-pages-list__item__link" href="https://gyor.lutheran.hu/?page_id=707">Testvérgyülekezeteink</a></li><li class="wp-block-pages-list__item"><a class="wp-block-pages-list__item__link" href="https://gyor.lutheran.hu/?page_id=110">Történetünk</a></li><li class="wp-block-pages-list__item has-child"><a class="wp-block-pages-list__item__link" href="https://gyor.lutheran.hu/?page_id=26">Templomaink</a><ul class="wp-block-navigation__submenu-container"><li class="wp-block-pages-list__item "><a class="wp-block-pages-list__item__link" href="https://gyor.lutheran.hu/?page_id=370">Bácsai Imaház</a></li><li class="wp-block-pages-list__item "><a class="wp-block-pages-list__item__link" href="https://gyor.lutheran.hu/?page_id=372">Börcsi Evangélikus Templom</a></li><li class="wp-block-pages-list__item "><a class="wp-block-pages-list__item__link" href="https://gyor.lutheran.hu/?page_id=381">Gyönyüi Református-Evangélikus Templom</a></li><li class="wp-block-pages-list__item "><a class="wp-block-pages-list__item__link" href="https://gyor.lutheran.hu/?page_id=34">Nádorvárosi újtemplom</a></li><li class="wp-block-pages-list__item "><a class="wp-block-pages-list__item__link" href="https://gyor.lutheran.hu/?page_id=29">Öregtemplom</a></li><li class="wp-block-pages-list__item "><a class="wp-block-pages-list__item__link" href="https://gyor.lutheran.hu/?page_id=377">Öttevényi Evangélikus Templom</a></li><li class="wp-block-pages-list__item "><a class="wp-block-pages-list__item__link" href="https://gyor.lutheran.hu/?page_id=379">Szabadhegyi Imaház</a></li></ul></li><li class="wp-block-pages-list__item"><a class="wp-block-pages-list__item__link" href="https://gyor.lutheran.hu/?page_id=114">Insula Lutherana</a></li><li class="wp-block-pages-list__item"><a class="wp-block-pages-list__item__link" href="https://gyor.lutheran.hu/?page_id=9">Tisztségviselők</a></li><li class="wp-block-pages-list__item"><a class="wp-block-pages-list__item__link" href="https://gyor.lutheran.hu/?page_id=2">Bizottságok</a></li><li class="wp-block-pages-list__item"><a class="wp-block-pages-list__item__link" href="https://gyor.lutheran.hu/?page_id=116">Közérdekű adatok</a></li><li class="wp-block-pages-list__item has-child"><a class="wp-block-pages-list__item__link" href="https://gyor.lutheran.hu/?page_id=118">Dokumentumok</a><ul class="wp-block-navigation__submenu-container"><li class="wp-block-pages-list__item "><a class="wp-block-pages-list__item__link" href="https://gyor.lutheran.hu/?page_id=124">Szabályzatok</a></li><li class="wp-block-pages-list__item "><a class="wp-block-pages-list__item__link" href="https://gyor.lutheran.hu/?page_id=122">Közbeszerzési eljárások dokumentumai</a></li><li class="wp-block-pages-list__item "><a class="wp-block-pages-list__item__link" href="https://gyor.lutheran.hu/?page_id=126">EGYH-KCP-15-0553 „A Győr-nádorvárosi templom fűtéskorszerűsítése II. ütem”</a></li></ul></li></ul>


<p></p>

<!-- This site is optimized with the Yoast SEO plugin v27.5 - https://yoast.com/product/yoast-seo-wordpress/ -->
<title>Rólunk - Győri Evangélikus Egyházközség</title>
<meta name="robots" content="index, follow, max-snippet:-1, max-image-preview:large, max-video-preview:-1" />
<link rel="canonical" href="https://gyor.lutheran.hu/?page_id=18" />
<meta property="og:locale" content="hu_HU" />
<meta property="og:type" content="article" />
<meta property="og:title" content="Rólunk - Győri Evangélikus Egyházközség" />
<meta property="og:url" content="https://gyor.lutheran.hu/?page_id=18" />
<meta property="og:site_name" content="Győri Evangélikus Egyházközség" />
<meta property="article:publisher" content="https://www.facebook.com/profile.php?id=100064848424606" />
<meta property="article:modified_time" content="2025-03-06T00:03:23+00:00" />
<meta name="twitter:card" content="summary_large_image" />
<script type="application/ld+json" class="yoast-schema-graph">{"@context":"https:\/\/schema.org","@graph":[{"@type":"WebPage","@id":"https:\/\/gyor.lutheran.hu\/?page_id=18","url":"https:\/\/gyor.lutheran.hu\/?page_id=18","name":"Rólunk - Győri Evangélikus Egyházközség","isPartOf":{"@id":"https:\/\/gyor.lutheran.hu\/#website"},"datePublished":"2025-02-25T22:08:36+00:00","dateModified":"2025-03-06T00:03:23+00:00","breadcrumb":{"@id":"https:\/\/gyor.lutheran.hu\/?page_id=18#breadcrumb"},"inLanguage":"hu","potentialAction":[{"@type":"ReadAction","target":["https:\/\/gyor.lutheran.hu\/?page_id=18"]}]},{"@type":"BreadcrumbList","@id":"https:\/\/gyor.lutheran.hu\/?page_id=18#breadcrumb","itemListElement":[{"@type":"ListItem","position":1,"name":"Home","item":"https:\/\/gyor.lutheran.hu\/"},{"@type":"ListItem","position":2,"name":"Rólunk"}]},{"@type":"WebSite","@id":"https:\/\/gyor.lutheran.hu\/#website","url":"https:\/\/gyor.lutheran.hu\/","name":"Győri Evangélikus Egyházközség","description":"","publisher":{"@id":"https:\/\/gyor.lutheran.hu\/#organization"},"potentialAction":[{"@type":"SearchAction","target":{"@type":"EntryPoint","urlTemplate":"https:\/\/gyor.lutheran.hu\/?s={search_term_string}"},"query-input":{"@type":"PropertyValueSpecification","valueRequired":true,"valueName":"search_term_string"}}],"inLanguage":"hu"},{"@type":"Organization","@id":"https:\/\/gyor.lutheran.hu\/#organization","name":"Győri Evangélikus Egyházközség","url":"https:\/\/gyor.lutheran.hu\/","logo":{"@type":"ImageObject","inLanguage":"hu","@id":"https:\/\/gyor.lutheran.hu\/#\/schema\/logo\/image\/","url":"https:\/\/gyor.lutheran.hu\/wp-content\/uploads\/2025\/02\/logo.jpg","contentUrl":"https:\/\/gyor.lutheran.hu\/wp-content\/uploads\/2025\/02\/logo.jpg","width":160,"height":160,"caption":"Győri Evangélikus Egyházközség"},"image":{"@id":"https:\/\/gyor.lutheran.hu\/#\/schema\/logo\/image\/"},"sameAs":["https:\/\/www.facebook.com\/profile.php?id=100064848424606"]}]}</script>
<!-- / Yoast SEO plugin. -->

Rólunk - Győri Evangélikus Egyházközség

Győri Evangélikus Egyházközség
