{"id":370,"date":"2025-03-11T21:58:01","date_gmt":"2025-03-11T20:58:01","guid":{"rendered":"https:\/\/gyorteszt.lutheran.hu\/wordpress\/?page_id=370"},"modified":"2025-06-16T08:10:55","modified_gmt":"2025-06-16T06:10:55","slug":"bacsai-imahaz","status":"publish","type":"page","link":"https:\/\/gyor.lutheran.hu\/?page_id=370","title":{"rendered":"B\u00e1csai Imah\u00e1z"},"content":{"rendered":"\n<p><strong>C\u00edm:<\/strong> 9029 Gy\u0151r, Szit\u00e1sdomb u. 7.<\/p>\n\n\n\n<p><strong>Irodai el\u00e9rhet\u0151s\u00e9g:<\/strong> Gy\u0151ri Evang\u00e9likus Egyh\u00e1zk\u00f6zs\u00e9g 9025 Gy\u0151r, Pet\u0151fi t\u00e9r 2.&nbsp; &#8211;&nbsp; 06\/20\/824-8101<\/p>\n\n\n\n<p><strong>Istentisztelet:<\/strong> minden h\u00f3nap 3. vas\u00e1rnapj\u00e1n 15:00<\/p>\n\n\n\n<p><\/p>\n","protected":false},"excerpt":{"rendered":"<p>C\u00edm: 9029 Gy\u0151r, Szit\u00e1sdomb u. 7. Irodai el\u00e9rhet\u0151s\u00e9g: Gy\u0151ri Evang\u00e9likus Egyh\u00e1zk\u00f6zs\u00e9g 9025 Gy\u0151r, Pet\u0151fi t\u00e9r 2.&nbsp; &#8211;&nbsp; 06\/20\/824-8101 Istentisztelet: minden h\u00f3nap 3. vas\u00e1rnapj\u00e1n 15:00<\/p>\n","protected":false},"author":1,"featured_media":0,"parent":26,"menu_order":0,"comment_status":"closed","ping_status":"closed","template":"","meta":{"footnotes":""},"class_list":["post-370","page","type-page","status-publish","hentry"],"yoast_head":"<!-- This site is optimized with the Yoast SEO plugin v27.5 - https:\/\/yoast.com\/product\/yoast-seo-wordpress\/ -->\n<title>B\u00e1csai Imah\u00e1z - Gy\u0151ri Evang\u00e9likus Egyh\u00e1zk\u00f6zs\u00e9g<\/title>\n<meta name=\"robots\" content=\"index, follow, max-snippet:-1, max-image-preview:large, max-video-preview:-1\" \/>\n<link rel=\"canonical\" href=\"https:\/\/gyor.lutheran.hu\/?page_id=370\" \/>\n<meta property=\"og:locale\" content=\"hu_HU\" \/>\n<meta property=\"og:type\" content=\"article\" \/>\n<meta property=\"og:title\" content=\"B\u00e1csai Imah\u00e1z - Gy\u0151ri Evang\u00e9likus Egyh\u00e1zk\u00f6zs\u00e9g\" \/>\n<meta property=\"og:description\" content=\"C\u00edm: 9029 Gy\u0151r, Szit\u00e1sdomb u. 7. Irodai el\u00e9rhet\u0151s\u00e9g: Gy\u0151ri Evang\u00e9likus Egyh\u00e1zk\u00f6zs\u00e9g 9025 Gy\u0151r, Pet\u0151fi t\u00e9r 2.&nbsp; &#8211;&nbsp; 06\/20\/824-8101 Istentisztelet: minden h\u00f3nap 3. vas\u00e1rnapj\u00e1n 15:00\" \/>\n<meta property=\"og:url\" content=\"https:\/\/gyor.lutheran.hu\/?page_id=370\" \/>\n<meta property=\"og:site_name\" content=\"Gy\u0151ri Evang\u00e9likus Egyh\u00e1zk\u00f6zs\u00e9g\" \/>\n<meta property=\"article:publisher\" content=\"https:\/\/www.facebook.com\/profile.php?id=100064848424606\" \/>\n<meta property=\"article:modified_time\" content=\"2025-06-16T06:10:55+00:00\" \/>\n<meta name=\"twitter:card\" content=\"summary_large_image\" \/>\n<meta name=\"twitter:label1\" content=\"Becs\u00fclt olvas\u00e1si id\u0151\" \/>\n\t<meta name=\"twitter:data1\" content=\"1 perc\" \/>\n<script type=\"application\/ld+json\" class=\"yoast-schema-graph\">{\"@context\":\"https:\\\/\\\/schema.org\",\"@graph\":[{\"@type\":\"WebPage\",\"@id\":\"https:\\\/\\\/gyor.lutheran.hu\\\/?page_id=370\",\"url\":\"https:\\\/\\\/gyor.lutheran.hu\\\/?page_id=370\",\"name\":\"B\u00e1csai Imah\u00e1z - Gy\u0151ri Evang\u00e9likus Egyh\u00e1zk\u00f6zs\u00e9g\",\"isPartOf\":{\"@id\":\"https:\\\/\\\/gyor.lutheran.hu\\\/#website\"},\"datePublished\":\"2025-03-11T20:58:01+00:00\",\"dateModified\":\"2025-06-16T06:10:55+00:00\",\"breadcrumb\":{\"@id\":\"https:\\\/\\\/gyor.lutheran.hu\\\/?page_id=370#breadcrumb\"},\"inLanguage\":\"hu\",\"potentialAction\":[{\"@type\":\"ReadAction\",\"target\":[\"https:\\\/\\\/gyor.lutheran.hu\\\/?page_id=370\"]}]},{\"@type\":\"BreadcrumbList\",\"@id\":\"https:\\\/\\\/gyor.lutheran.hu\\\/?page_id=370#breadcrumb\",\"itemListElement\":[{\"@type\":\"ListItem\",\"position\":1,\"name\":\"Home\",\"item\":\"https:\\\/\\\/gyor.lutheran.hu\\\/\"},{\"@type\":\"ListItem\",\"position\":2,\"name\":\"R\u00f3lunk\",\"item\":\"https:\\\/\\\/gyor.lutheran.hu\\\/?page_id=18\"},{\"@type\":\"ListItem\",\"position\":3,\"name\":\"Templomaink\",\"item\":\"https:\\\/\\\/gyor.lutheran.hu\\\/?page_id=26\"},{\"@type\":\"ListItem\",\"position\":4,\"name\":\"B\u00e1csai Imah\u00e1z\"}]},{\"@type\":\"WebSite\",\"@id\":\"https:\\\/\\\/gyor.lutheran.hu\\\/#website\",\"url\":\"https:\\\/\\\/gyor.lutheran.hu\\\/\",\"name\":\"Gy\u0151ri Evang\u00e9likus Egyh\u00e1zk\u00f6zs\u00e9g\",\"description\":\"\",\"publisher\":{\"@id\":\"https:\\\/\\\/gyor.lutheran.hu\\\/#organization\"},\"potentialAction\":[{\"@type\":\"SearchAction\",\"target\":{\"@type\":\"EntryPoint\",\"urlTemplate\":\"https:\\\/\\\/gyor.lutheran.hu\\\/?s={search_term_string}\"},\"query-input\":{\"@type\":\"PropertyValueSpecification\",\"valueRequired\":true,\"valueName\":\"search_term_string\"}}],\"inLanguage\":\"hu\"},{\"@type\":\"Organization\",\"@id\":\"https:\\\/\\\/gyor.lutheran.hu\\\/#organization\",\"name\":\"Gy\u0151ri Evang\u00e9likus Egyh\u00e1zk\u00f6zs\u00e9g\",\"url\":\"https:\\\/\\\/gyor.lutheran.hu\\\/\",\"logo\":{\"@type\":\"ImageObject\",\"inLanguage\":\"hu\",\"@id\":\"https:\\\/\\\/gyor.lutheran.hu\\\/#\\\/schema\\\/logo\\\/image\\\/\",\"url\":\"https:\\\/\\\/gyor.lutheran.hu\\\/wp-content\\\/uploads\\\/2025\\\/02\\\/logo.jpg\",\"contentUrl\":\"https:\\\/\\\/gyor.lutheran.hu\\\/wp-content\\\/uploads\\\/2025\\\/02\\\/logo.jpg\",\"width\":160,\"height\":160,\"caption\":\"Gy\u0151ri Evang\u00e9likus Egyh\u00e1zk\u00f6zs\u00e9g\"},\"image\":{\"@id\":\"https:\\\/\\\/gyor.lutheran.hu\\\/#\\\/schema\\\/logo\\\/image\\\/\"},\"sameAs\":[\"https:\\\/\\\/www.facebook.com\\\/profile.php?id=100064848424606\"]}]}<\/script>\n<!-- \/ Yoast SEO plugin. -->","yoast_head_json":{"title":"B\u00e1csai Imah\u00e1z - Gy\u0151ri Evang\u00e9likus Egyh\u00e1zk\u00f6zs\u00e9g","robots":{"index":"index","follow":"follow","max-snippet":"max-snippet:-1","max-image-preview":"max-image-preview:large","max-video-preview":"max-video-preview:-1"},"canonical":"https:\/\/gyor.lutheran.hu\/?page_id=370","og_locale":"hu_HU","og_type":"article","og_title":"B\u00e1csai Imah\u00e1z - Gy\u0151ri Evang\u00e9likus Egyh\u00e1zk\u00f6zs\u00e9g","og_description":"C\u00edm: 9029 Gy\u0151r, Szit\u00e1sdomb u. 7. Irodai el\u00e9rhet\u0151s\u00e9g: Gy\u0151ri Evang\u00e9likus Egyh\u00e1zk\u00f6zs\u00e9g 9025 Gy\u0151r, Pet\u0151fi t\u00e9r 2.&nbsp; &#8211;&nbsp; 06\/20\/824-8101 Istentisztelet: minden h\u00f3nap 3. vas\u00e1rnapj\u00e1n 15:00","og_url":"https:\/\/gyor.lutheran.hu\/?page_id=370","og_site_name":"Gy\u0151ri Evang\u00e9likus Egyh\u00e1zk\u00f6zs\u00e9g","article_publisher":"https:\/\/www.facebook.com\/profile.php?id=100064848424606","article_modified_time":"2025-06-16T06:10:55+00:00","twitter_card":"summary_large_image","twitter_misc":{"Becs\u00fclt olvas\u00e1si id\u0151":"1 perc"},"schema":{"@context":"https:\/\/schema.org","@graph":[{"@type":"WebPage","@id":"https:\/\/gyor.lutheran.hu\/?page_id=370","url":"https:\/\/gyor.lutheran.hu\/?page_id=370","name":"B\u00e1csai Imah\u00e1z - Gy\u0151ri Evang\u00e9likus Egyh\u00e1zk\u00f6zs\u00e9g","isPartOf":{"@id":"https:\/\/gyor.lutheran.hu\/#website"},"datePublished":"2025-03-11T20:58:01+00:00","dateModified":"2025-06-16T06:10:55+00:00","breadcrumb":{"@id":"https:\/\/gyor.lutheran.hu\/?page_id=370#breadcrumb"},"inLanguage":"hu","potentialAction":[{"@type":"ReadAction","target":["https:\/\/gyor.lutheran.hu\/?page_id=370"]}]},{"@type":"BreadcrumbList","@id":"https:\/\/gyor.lutheran.hu\/?page_id=370#breadcrumb","itemListElement":[{"@type":"ListItem","position":1,"name":"Home","item":"https:\/\/gyor.lutheran.hu\/"},{"@type":"ListItem","position":2,"name":"R\u00f3lunk","item":"https:\/\/gyor.lutheran.hu\/?page_id=18"},{"@type":"ListItem","position":3,"name":"Templomaink","item":"https:\/\/gyor.lutheran.hu\/?page_id=26"},{"@type":"ListItem","position":4,"name":"B\u00e1csai Imah\u00e1z"}]},{"@type":"WebSite","@id":"https:\/\/gyor.lutheran.hu\/#website","url":"https:\/\/gyor.lutheran.hu\/","name":"Gy\u0151ri Evang\u00e9likus Egyh\u00e1zk\u00f6zs\u00e9g","description":"","publisher":{"@id":"https:\/\/gyor.lutheran.hu\/#organization"},"potentialAction":[{"@type":"SearchAction","target":{"@type":"EntryPoint","urlTemplate":"https:\/\/gyor.lutheran.hu\/?s={search_term_string}"},"query-input":{"@type":"PropertyValueSpecification","valueRequired":true,"valueName":"search_term_string"}}],"inLanguage":"hu"},{"@type":"Organization","@id":"https:\/\/gyor.lutheran.hu\/#organization","name":"Gy\u0151ri Evang\u00e9likus Egyh\u00e1zk\u00f6zs\u00e9g","url":"https:\/\/gyor.lutheran.hu\/","logo":{"@type":"ImageObject","inLanguage":"hu","@id":"https:\/\/gyor.lutheran.hu\/#\/schema\/logo\/image\/","url":"https:\/\/gyor.lutheran.hu\/wp-content\/uploads\/2025\/02\/logo.jpg","contentUrl":"https:\/\/gyor.lutheran.hu\/wp-content\/uploads\/2025\/02\/logo.jpg","width":160,"height":160,"caption":"Gy\u0151ri Evang\u00e9likus Egyh\u00e1zk\u00f6zs\u00e9g"},"image":{"@id":"https:\/\/gyor.lutheran.hu\/#\/schema\/logo\/image\/"},"sameAs":["https:\/\/www.facebook.com\/profile.php?id=100064848424606"]}]}},"_links":{"self":[{"href":"https:\/\/gyor.lutheran.hu\/index.php?rest_route=\/wp\/v2\/pages\/370","targetHints":{"allow":["GET"]}}],"collection":[{"href":"https:\/\/gyor.lutheran.hu\/index.php?rest_route=\/wp\/v2\/pages"}],"about":[{"href":"https:\/\/gyor.lutheran.hu\/index.php?rest_route=\/wp\/v2\/types\/page"}],"author":[{"embeddable":true,"href":"https:\/\/gyor.lutheran.hu\/index.php?rest_route=\/wp\/v2\/users\/1"}],"replies":[{"embeddable":true,"href":"https:\/\/gyor.lutheran.hu\/index.php?rest_route=%2Fwp%2Fv2%2Fcomments&post=370"}],"version-history":[{"count":5,"href":"https:\/\/gyor.lutheran.hu\/index.php?rest_route=\/wp\/v2\/pages\/370\/revisions"}],"predecessor-version":[{"id":694,"href":"https:\/\/gyor.lutheran.hu\/index.php?rest_route=\/wp\/v2\/pages\/370\/revisions\/694"}],"up":[{"embeddable":true,"href":"https:\/\/gyor.lutheran.hu\/index.php?rest_route=\/wp\/v2\/pages\/26"}],"wp:attachment":[{"href":"https:\/\/gyor.lutheran.hu\/index.php?rest_route=%2Fwp%2Fv2%2Fmedia&parent=370"}],"curies":[{"name":"wp","href":"https:\/\/api.w.org\/{rel}","templated":true}]}}

Bácsai Imaház

<p><strong>Cím:</strong> 9029 Győr, Szitásdomb u. 7.</p>



<p><strong>Irodai elérhetőség:</strong> Győri Evangélikus Egyházközség 9025 Győr, Petőfi tér 2.&nbsp; &#8211;&nbsp; 06/20/824-8101</p>



<p><strong>Istentisztelet:</strong> minden hónap 3. vasárnapján 15:00</p>



<p></p>

<p>Cím: 9029 Győr, Szitásdomb u. 7. Irodai elérhetőség: Győri Evangélikus Egyházközség 9025 Győr, Petőfi tér 2.&nbsp; &#8211;&nbsp; 06/20/824-8101 Istentisztelet: minden hónap 3. vasárnapján 15:00</p>

<!-- This site is optimized with the Yoast SEO plugin v27.5 - https://yoast.com/product/yoast-seo-wordpress/ -->
<title>Bácsai Imaház - Győri Evangélikus Egyházközség</title>
<meta name="robots" content="index, follow, max-snippet:-1, max-image-preview:large, max-video-preview:-1" />
<link rel="canonical" href="https://gyor.lutheran.hu/?page_id=370" />
<meta property="og:locale" content="hu_HU" />
<meta property="og:type" content="article" />
<meta property="og:title" content="Bácsai Imaház - Győri Evangélikus Egyházközség" />
<meta property="og:description" content="Cím: 9029 Győr, Szitásdomb u. 7. Irodai elérhetőség: Győri Evangélikus Egyházközség 9025 Győr, Petőfi tér 2.&nbsp; &#8211;&nbsp; 06/20/824-8101 Istentisztelet: minden hónap 3. vasárnapján 15:00" />
<meta property="og:url" content="https://gyor.lutheran.hu/?page_id=370" />
<meta property="og:site_name" content="Győri Evangélikus Egyházközség" />
<meta property="article:publisher" content="https://www.facebook.com/profile.php?id=100064848424606" />
<meta property="article:modified_time" content="2025-06-16T06:10:55+00:00" />
<meta name="twitter:card" content="summary_large_image" />
<meta name="twitter:label1" content="Becsült olvasási idő" />
	<meta name="twitter:data1" content="1 perc" />
<script type="application/ld+json" class="yoast-schema-graph">{"@context":"https:\/\/schema.org","@graph":[{"@type":"WebPage","@id":"https:\/\/gyor.lutheran.hu\/?page_id=370","url":"https:\/\/gyor.lutheran.hu\/?page_id=370","name":"Bácsai Imaház - Győri Evangélikus Egyházközség","isPartOf":{"@id":"https:\/\/gyor.lutheran.hu\/#website"},"datePublished":"2025-03-11T20:58:01+00:00","dateModified":"2025-06-16T06:10:55+00:00","breadcrumb":{"@id":"https:\/\/gyor.lutheran.hu\/?page_id=370#breadcrumb"},"inLanguage":"hu","potentialAction":[{"@type":"ReadAction","target":["https:\/\/gyor.lutheran.hu\/?page_id=370"]}]},{"@type":"BreadcrumbList","@id":"https:\/\/gyor.lutheran.hu\/?page_id=370#breadcrumb","itemListElement":[{"@type":"ListItem","position":1,"name":"Home","item":"https:\/\/gyor.lutheran.hu\/"},{"@type":"ListItem","position":2,"name":"Rólunk","item":"https:\/\/gyor.lutheran.hu\/?page_id=18"},{"@type":"ListItem","position":3,"name":"Templomaink","item":"https:\/\/gyor.lutheran.hu\/?page_id=26"},{"@type":"ListItem","position":4,"name":"Bácsai Imaház"}]},{"@type":"WebSite","@id":"https:\/\/gyor.lutheran.hu\/#website","url":"https:\/\/gyor.lutheran.hu\/","name":"Győri Evangélikus Egyházközség","description":"","publisher":{"@id":"https:\/\/gyor.lutheran.hu\/#organization"},"potentialAction":[{"@type":"SearchAction","target":{"@type":"EntryPoint","urlTemplate":"https:\/\/gyor.lutheran.hu\/?s={search_term_string}"},"query-input":{"@type":"PropertyValueSpecification","valueRequired":true,"valueName":"search_term_string"}}],"inLanguage":"hu"},{"@type":"Organization","@id":"https:\/\/gyor.lutheran.hu\/#organization","name":"Győri Evangélikus Egyházközség","url":"https:\/\/gyor.lutheran.hu\/","logo":{"@type":"ImageObject","inLanguage":"hu","@id":"https:\/\/gyor.lutheran.hu\/#\/schema\/logo\/image\/","url":"https:\/\/gyor.lutheran.hu\/wp-content\/uploads\/2025\/02\/logo.jpg","contentUrl":"https:\/\/gyor.lutheran.hu\/wp-content\/uploads\/2025\/02\/logo.jpg","width":160,"height":160,"caption":"Győri Evangélikus Egyházközség"},"image":{"@id":"https:\/\/gyor.lutheran.hu\/#\/schema\/logo\/image\/"},"sameAs":["https:\/\/www.facebook.com\/profile.php?id=100064848424606"]}]}</script>
<!-- / Yoast SEO plugin. -->

Bácsai Imaház - Győri Evangélikus Egyházközség

Cím: 9029 Győr, Szitásdomb u. 7. Irodai elérhetőség: Győri Evangélikus Egyházközség 9025 Győr, Petőfi tér 2.&nbsp; &#8211;&nbsp; 06/20/824-8101 Istentisztelet: minden hónap 3. vasárnapján 15:00

Győri Evangélikus Egyházközség

Rólunk
