{"id":379,"date":"2025-03-11T22:32:54","date_gmt":"2025-03-11T21:32:54","guid":{"rendered":"https:\/\/gyorteszt.lutheran.hu\/wordpress\/?page_id=379"},"modified":"2025-03-16T19:32:59","modified_gmt":"2025-03-16T18:32:59","slug":"szabadhegyi-imahaz","status":"publish","type":"page","link":"https:\/\/gyor.lutheran.hu\/?page_id=379","title":{"rendered":"Szabadhegyi Imah\u00e1z"},"content":{"rendered":"\n<p><img loading=\"lazy\" decoding=\"async\" width=\"500\" height=\"583\" class=\"wp-image-422\" style=\"width: 500px;\" src=\"https:\/\/gyor.lutheran.hu\/wp-content\/uploads\/2025\/03\/IMG_0100-3-scaled.jpg\" alt=\"\" srcset=\"https:\/\/gyor.lutheran.hu\/wp-content\/uploads\/2025\/03\/IMG_0100-3-scaled.jpg 2197w, https:\/\/gyor.lutheran.hu\/wp-content\/uploads\/2025\/03\/IMG_0100-3-257x300.jpg 257w, https:\/\/gyor.lutheran.hu\/wp-content\/uploads\/2025\/03\/IMG_0100-3-879x1024.jpg 879w, https:\/\/gyor.lutheran.hu\/wp-content\/uploads\/2025\/03\/IMG_0100-3-768x895.jpg 768w, https:\/\/gyor.lutheran.hu\/wp-content\/uploads\/2025\/03\/IMG_0100-3-1318x1536.jpg 1318w, https:\/\/gyor.lutheran.hu\/wp-content\/uploads\/2025\/03\/IMG_0100-3-1758x2048.jpg 1758w\" sizes=\"auto, (max-width: 500px) 100vw, 500px\" \/><\/p>\n\n\n\n<p><strong>C\u00edm:<\/strong> <a href=\"https:\/\/www.google.com\/maps\/place\/Szabadhegyi+Evang%C3%A9likus+Imah%C3%A1z\/@47.6625976,17.6606387,19z\/data=!4m15!1m8!3m7!1s0x476bc07dde3633e3:0xa4feac48baf8aeba!2zR3nFkXIsIErDs3pzZWYgQXR0aWxhIHUuIDI2LCA5MDI4!3b1!8m2!3d47.6626452!4d17.6611659!16s%2Fg%2F11sqf4jvr0!3m5!1s0x476bc07dded6de11:0x7f529854937e0166!8m2!3d47.6626161!4d17.6611698!16s%2Fg%2F1tfk7tk0?entry=ttu&amp;g_ep=EgoyMDI1MDMwOC4wIKXMDSoASAFQAw%3D%3D\" target=\"_blank\" rel=\"noreferrer noopener\">J\u00f3zsef Attila \u00fat 26.<\/a><\/p>\n\n\n\n<p><strong>Irodai el\u00e9rhet\u0151s\u00e9g:<\/strong> Gy\u0151ri Evang\u00e9likus Egyh\u00e1zk\u00f6zs\u00e9g 9025 Gy\u0151r, Pet\u0151fi t\u00e9r 2.\u00a0 \u2013\u00a0 06\/20\/824-8101<\/p>\n\n\n\n<p><strong>Istentisztelet:<\/strong> minden 2. \u00e9s 4. (esetenk\u00e9nt 5.) vas\u00e1rnapon 16 \u00f3rai kezdettel.<\/p>\n\n\n\n<h2 class=\"wp-block-heading\">T\u00f6rt\u00e9nete<\/h2>\n\n\n\n<p>Szabadhegyen 1866 \u00f3ta foglalkoztattak tan\u00edt\u00f3t, s tartott fenn a gy\u00fclekezet \u00f6n\u00e1ll\u00f3 iskola\u00e9p\u00fcletet, eleinte a reform\u00e1tusokkal k\u00f6z\u00f6sen. K\u00e9s\u0151bb a k\u00e9t protest\u00e1ns felekezet \u00fatjai k\u00fcl\u00f6n v\u00e1ltak e t\u00e9ren, s a sz\u00e1zadfordul\u00f3ra egyre \u00e9get\u0151bb\u00e9 v\u00e1lt egy \u00faj, korszer\u0171 iskola\u00e9p\u00fclet emel\u00e9s\u00e9nek a k\u00e9rd\u00e9se. Az \u00faj iskolai \u00e9p\u00fclet felavat\u00e1s\u00e1ra 1905. okt\u00f3ber 15-\u00e9n ker\u00fclt sor Horv\u00e1th S\u00e1muel esperes szolg\u00e1lat\u00e1val. Eleinte kiz\u00e1r\u00f3lag iskolai c\u00e9lokra haszn\u00e1lt\u00e1k, az 1920-as \u00e9vekt\u0151l kezdve t\u00f6lt\u00f6tt be gy\u00fclekezeti funkci\u00f3kat is, mivel a szabadhegyi h\u00edvek sz\u00e1m\u00e1ra neh\u00e9z volt megoldani az \u00d6regtemplomba val\u00f3 eljut\u00e1st.<\/p>\n\n\n\n<p>Sz\u00e9p lassan az iskola terme istentiszteleti c\u00e9lokat szolg\u00e1l\u00f3 felszerel\u00e9si t\u00e1rgyakkal is b\u0151v\u00fclt. Els\u0151k\u00e9nt sz\u00f3sz\u00e9ket kapott, majd 1929-ben elhelyezt\u00e9k Nagy Ferenc egyh\u00e1ztag Krisztus-k\u00e9p adom\u00e1ny\u00e1t. K\u00e9s\u0151bb Nagy Gy\u00f6rgy h\u00edv\u0151 olt\u00e1rt is k\u00e9sz\u00edttetett az \u00e9p\u00fclet sz\u00e1m\u00e1ra. Varga J\u00f3zsef szabadhegyi tan\u00edt\u00f3 vetette fel el\u0151sz\u00f6r a harang gondolat\u00e1t. Buthy (Buti) J\u00e1nos gy\u0151ri vend\u00e9gl\u0151s \u00e9s neje adom\u00e1ny\u00e1nak h\u00e1la 1936 \u0151sz\u00e9n elk\u00e9sz\u00fclhetett a 89 kilogrammos harang.&nbsp;<\/p>\n\n\n\n<p>Ezt k\u00f6vet\u0151en kezdt\u00e9k meg tervezni a tornyot. Az els\u0151 elk\u00e9pzel\u00e9s szerint a torony az \u00e9p\u00fclet tetej\u00e9re ker\u00fclt volna, ezt azonban a h\u00edvek elvetett\u00e9k, ahogy k\u00e9s\u0151bb a f\u00e9mharangl\u00e1b gondolat\u00e1t sem fogadt\u00e1k meg. Az \u00f6n\u00e1ll\u00f3 harangtorony terveit K\u00e1ldy Barna \u00e9p\u00edt\u0151mester k\u00e9sz\u00edtette el, s 1937 tavasz\u00e1n \u0151 kapott megb\u00edz\u00e1st a kivitelez\u00e9s levez\u00e9nyl\u00e9s\u00e9re is. A torony tetej\u00e9re J\u00e1rf\u00e1s Istv\u00e1n adom\u00e1nyozott v\u00f6r\u00f6sr\u00e9z keresztet. Az \u00faj \u00e9p\u00fclet elk\u00e9sz\u00fclt\u00e9vel p\u00e1rhuzamosan sor ker\u00fclt az iskola tataroz\u00e1s\u00e1ra \u00e9s szigetel\u00e9s\u00e9re is. Az olt\u00e1r, a harang \u00e9s a torony felavat\u00e1s\u00e1ra 1937. j\u00falius 18-\u00e1n ker\u00fclt sor Kapi B\u00e9la p\u00fcsp\u00f6k szolg\u00e1lat\u00e1val.<\/p>\n\n\n\n<p>A h\u00edv\u0151k csak n\u00e9h\u00e1ny \u00e9ven kereszt\u00fcl tudhatt\u00e1k az egyh\u00e1zk\u00f6zs\u00e9g tulajdon\u00e1ban &nbsp;a meg\u00fajult \u00e9p\u00fcletet mivel az evang\u00e9likus iskola \u00e1llamos\u00edt\u00e1sra ker\u00fclt 1948-ban. Ezt k\u00f6vet\u0151en is lehet\u0151s\u00e9g volt hit\u00e9let gyakorl\u00e1s\u00e1ra a v\u00e1ros hozz\u00e1j\u00e1rul\u00e1sa r\u00e9v\u00e9n, a h\u00e9t k\u00f6zben elf\u00fcgg\u00f6ny\u00f6z\u00f6tt olt\u00e1rt vas\u00e1rnaponk\u00e9nt felfedt\u00e9k \u00e9s istentiszteleteken, hittan\u00f3r\u00e1kon is egy\u00fctt lehetett a szabadhegyi evang\u00e9likus k\u00f6z\u00f6ss\u00e9g apraja nagyja.&nbsp;<\/p>\n\n\n\n<p>Az egyh\u00e1z a rendszerv\u00e1ltoz\u00e1st k\u00f6vet\u0151en 1991-ben ig\u00e9nyelte vissza az \u00e9p\u00fcletet, amit ism\u00e9t gy\u00fclekezeti c\u00e9lokra, biblia\u00f3r\u00e1k, hittan\u00f3r\u00e1k, istentiszteletek tart\u00e1s\u00e1ra k\u00edv\u00e1ntak hasznos\u00edtani. Az \u00e9p\u00fclet csup\u00e1n 1997-ben ker\u00fclt \u00e1tad\u00e1sra, s k\u00e9t \u00e9vvel k\u00e9s\u0151bb Salakta Gyula v\u00e9gezte el a fel\u00faj\u00edt\u00e1st, melynek sor\u00e1n n\u00e9mi moderniz\u00e1l\u00e1sra, \u00e1talak\u00edt\u00e1sra is sor ker\u00fclt. Itt alak\u00edtott\u00e1k ki a 4. lelk\u00e9szi k\u00f6rzethez tartoz\u00f3 lelk\u00e9szlak\u00e1st is, 1999 \u00f3ta az \u00e9p\u00fclet els\u0151 r\u00e9sze par\u00f3kia. <\/p>\n\n\n\n<p><\/p>\n","protected":false},"excerpt":{"rendered":"<p>C\u00edm: J\u00f3zsef Attila \u00fat 26. Irodai el\u00e9rhet\u0151s\u00e9g: Gy\u0151ri Evang\u00e9likus Egyh\u00e1zk\u00f6zs\u00e9g 9025 Gy\u0151r, Pet\u0151fi t\u00e9r 2.\u00a0 \u2013\u00a0 06\/20\/824-8101 Istentisztelet: minden 2. \u00e9s 4. (esetenk\u00e9nt 5.) vas\u00e1rnapon 16 \u00f3rai kezdettel. T\u00f6rt\u00e9nete Szabadhegyen 1866 \u00f3ta foglalkoztattak tan\u00edt\u00f3t, s tartott fenn a gy\u00fclekezet \u00f6n\u00e1ll\u00f3 iskola\u00e9p\u00fcletet, eleinte a reform\u00e1tusokkal k\u00f6z\u00f6sen. K\u00e9s\u0151bb a k\u00e9t protest\u00e1ns felekezet \u00fatjai k\u00fcl\u00f6n v\u00e1ltak e t\u00e9ren, [&hellip;]<\/p>\n","protected":false},"author":1,"featured_media":0,"parent":26,"menu_order":0,"comment_status":"closed","ping_status":"closed","template":"","meta":{"footnotes":""},"class_list":["post-379","page","type-page","status-publish","hentry"],"yoast_head":"<!-- This site is optimized with the Yoast SEO plugin v27.3 - https:\/\/yoast.com\/product\/yoast-seo-wordpress\/ -->\n<title>Szabadhegyi Imah\u00e1z - Gy\u0151ri Evang\u00e9likus Egyh\u00e1zk\u00f6zs\u00e9g<\/title>\n<meta name=\"robots\" content=\"index, follow, max-snippet:-1, max-image-preview:large, max-video-preview:-1\" \/>\n<link rel=\"canonical\" href=\"https:\/\/gyor.lutheran.hu\/?page_id=379\" \/>\n<meta property=\"og:locale\" content=\"hu_HU\" \/>\n<meta property=\"og:type\" content=\"article\" \/>\n<meta property=\"og:title\" content=\"Szabadhegyi Imah\u00e1z - Gy\u0151ri Evang\u00e9likus Egyh\u00e1zk\u00f6zs\u00e9g\" \/>\n<meta property=\"og:description\" content=\"C\u00edm: J\u00f3zsef Attila \u00fat 26. Irodai el\u00e9rhet\u0151s\u00e9g: Gy\u0151ri Evang\u00e9likus Egyh\u00e1zk\u00f6zs\u00e9g 9025 Gy\u0151r, Pet\u0151fi t\u00e9r 2.\u00a0 \u2013\u00a0 06\/20\/824-8101 Istentisztelet: minden 2. \u00e9s 4. (esetenk\u00e9nt 5.) vas\u00e1rnapon 16 \u00f3rai kezdettel. T\u00f6rt\u00e9nete Szabadhegyen 1866 \u00f3ta foglalkoztattak tan\u00edt\u00f3t, s tartott fenn a gy\u00fclekezet \u00f6n\u00e1ll\u00f3 iskola\u00e9p\u00fcletet, eleinte a reform\u00e1tusokkal k\u00f6z\u00f6sen. K\u00e9s\u0151bb a k\u00e9t protest\u00e1ns felekezet \u00fatjai k\u00fcl\u00f6n v\u00e1ltak e t\u00e9ren, [&hellip;]\" \/>\n<meta property=\"og:url\" content=\"https:\/\/gyor.lutheran.hu\/?page_id=379\" \/>\n<meta property=\"og:site_name\" content=\"Gy\u0151ri Evang\u00e9likus Egyh\u00e1zk\u00f6zs\u00e9g\" \/>\n<meta property=\"article:publisher\" content=\"https:\/\/www.facebook.com\/profile.php?id=100064848424606\" \/>\n<meta property=\"article:modified_time\" content=\"2025-03-16T18:32:59+00:00\" \/>\n<meta property=\"og:image\" content=\"https:\/\/gyor.lutheran.hu\/wp-content\/uploads\/2025\/03\/IMG_0100-3-scaled.jpg\" \/>\n\t<meta property=\"og:image:width\" content=\"2197\" \/>\n\t<meta property=\"og:image:height\" content=\"2560\" \/>\n\t<meta property=\"og:image:type\" content=\"image\/jpeg\" \/>\n<meta name=\"twitter:card\" content=\"summary_large_image\" \/>\n<meta name=\"twitter:label1\" content=\"Becs\u00fclt olvas\u00e1si id\u0151\" \/>\n\t<meta name=\"twitter:data1\" content=\"3 perc\" \/>\n<script type=\"application\/ld+json\" class=\"yoast-schema-graph\">{\"@context\":\"https:\\\/\\\/schema.org\",\"@graph\":[{\"@type\":\"WebPage\",\"@id\":\"https:\\\/\\\/gyor.lutheran.hu\\\/?page_id=379\",\"url\":\"https:\\\/\\\/gyor.lutheran.hu\\\/?page_id=379\",\"name\":\"Szabadhegyi Imah\u00e1z - Gy\u0151ri Evang\u00e9likus Egyh\u00e1zk\u00f6zs\u00e9g\",\"isPartOf\":{\"@id\":\"https:\\\/\\\/gyor.lutheran.hu\\\/#website\"},\"primaryImageOfPage\":{\"@id\":\"https:\\\/\\\/gyor.lutheran.hu\\\/?page_id=379#primaryimage\"},\"image\":{\"@id\":\"https:\\\/\\\/gyor.lutheran.hu\\\/?page_id=379#primaryimage\"},\"thumbnailUrl\":\"https:\\\/\\\/gyor.lutheran.hu\\\/wp-content\\\/uploads\\\/2025\\\/03\\\/IMG_0100-3-scaled.jpg\",\"datePublished\":\"2025-03-11T21:32:54+00:00\",\"dateModified\":\"2025-03-16T18:32:59+00:00\",\"breadcrumb\":{\"@id\":\"https:\\\/\\\/gyor.lutheran.hu\\\/?page_id=379#breadcrumb\"},\"inLanguage\":\"hu\",\"potentialAction\":[{\"@type\":\"ReadAction\",\"target\":[\"https:\\\/\\\/gyor.lutheran.hu\\\/?page_id=379\"]}]},{\"@type\":\"ImageObject\",\"inLanguage\":\"hu\",\"@id\":\"https:\\\/\\\/gyor.lutheran.hu\\\/?page_id=379#primaryimage\",\"url\":\"https:\\\/\\\/gyor.lutheran.hu\\\/wp-content\\\/uploads\\\/2025\\\/03\\\/IMG_0100-3-scaled.jpg\",\"contentUrl\":\"https:\\\/\\\/gyor.lutheran.hu\\\/wp-content\\\/uploads\\\/2025\\\/03\\\/IMG_0100-3-scaled.jpg\",\"width\":2197,\"height\":2560},{\"@type\":\"BreadcrumbList\",\"@id\":\"https:\\\/\\\/gyor.lutheran.hu\\\/?page_id=379#breadcrumb\",\"itemListElement\":[{\"@type\":\"ListItem\",\"position\":1,\"name\":\"Home\",\"item\":\"https:\\\/\\\/gyor.lutheran.hu\\\/\"},{\"@type\":\"ListItem\",\"position\":2,\"name\":\"R\u00f3lunk\",\"item\":\"https:\\\/\\\/gyor.lutheran.hu\\\/?page_id=18\"},{\"@type\":\"ListItem\",\"position\":3,\"name\":\"Templomaink\",\"item\":\"https:\\\/\\\/gyor.lutheran.hu\\\/?page_id=26\"},{\"@type\":\"ListItem\",\"position\":4,\"name\":\"Szabadhegyi Imah\u00e1z\"}]},{\"@type\":\"WebSite\",\"@id\":\"https:\\\/\\\/gyor.lutheran.hu\\\/#website\",\"url\":\"https:\\\/\\\/gyor.lutheran.hu\\\/\",\"name\":\"Gy\u0151ri Evang\u00e9likus Egyh\u00e1zk\u00f6zs\u00e9g\",\"description\":\"\",\"publisher\":{\"@id\":\"https:\\\/\\\/gyor.lutheran.hu\\\/#organization\"},\"potentialAction\":[{\"@type\":\"SearchAction\",\"target\":{\"@type\":\"EntryPoint\",\"urlTemplate\":\"https:\\\/\\\/gyor.lutheran.hu\\\/?s={search_term_string}\"},\"query-input\":{\"@type\":\"PropertyValueSpecification\",\"valueRequired\":true,\"valueName\":\"search_term_string\"}}],\"inLanguage\":\"hu\"},{\"@type\":\"Organization\",\"@id\":\"https:\\\/\\\/gyor.lutheran.hu\\\/#organization\",\"name\":\"Gy\u0151ri Evang\u00e9likus Egyh\u00e1zk\u00f6zs\u00e9g\",\"url\":\"https:\\\/\\\/gyor.lutheran.hu\\\/\",\"logo\":{\"@type\":\"ImageObject\",\"inLanguage\":\"hu\",\"@id\":\"https:\\\/\\\/gyor.lutheran.hu\\\/#\\\/schema\\\/logo\\\/image\\\/\",\"url\":\"https:\\\/\\\/gyor.lutheran.hu\\\/wp-content\\\/uploads\\\/2025\\\/02\\\/logo.jpg\",\"contentUrl\":\"https:\\\/\\\/gyor.lutheran.hu\\\/wp-content\\\/uploads\\\/2025\\\/02\\\/logo.jpg\",\"width\":160,\"height\":160,\"caption\":\"Gy\u0151ri Evang\u00e9likus Egyh\u00e1zk\u00f6zs\u00e9g\"},\"image\":{\"@id\":\"https:\\\/\\\/gyor.lutheran.hu\\\/#\\\/schema\\\/logo\\\/image\\\/\"},\"sameAs\":[\"https:\\\/\\\/www.facebook.com\\\/profile.php?id=100064848424606\"]}]}<\/script>\n<!-- \/ Yoast SEO plugin. -->","yoast_head_json":{"title":"Szabadhegyi Imah\u00e1z - Gy\u0151ri Evang\u00e9likus Egyh\u00e1zk\u00f6zs\u00e9g","robots":{"index":"index","follow":"follow","max-snippet":"max-snippet:-1","max-image-preview":"max-image-preview:large","max-video-preview":"max-video-preview:-1"},"canonical":"https:\/\/gyor.lutheran.hu\/?page_id=379","og_locale":"hu_HU","og_type":"article","og_title":"Szabadhegyi Imah\u00e1z - Gy\u0151ri Evang\u00e9likus Egyh\u00e1zk\u00f6zs\u00e9g","og_description":"C\u00edm: J\u00f3zsef Attila \u00fat 26. Irodai el\u00e9rhet\u0151s\u00e9g: Gy\u0151ri Evang\u00e9likus Egyh\u00e1zk\u00f6zs\u00e9g 9025 Gy\u0151r, Pet\u0151fi t\u00e9r 2.\u00a0 \u2013\u00a0 06\/20\/824-8101 Istentisztelet: minden 2. \u00e9s 4. (esetenk\u00e9nt 5.) vas\u00e1rnapon 16 \u00f3rai kezdettel. T\u00f6rt\u00e9nete Szabadhegyen 1866 \u00f3ta foglalkoztattak tan\u00edt\u00f3t, s tartott fenn a gy\u00fclekezet \u00f6n\u00e1ll\u00f3 iskola\u00e9p\u00fcletet, eleinte a reform\u00e1tusokkal k\u00f6z\u00f6sen. K\u00e9s\u0151bb a k\u00e9t protest\u00e1ns felekezet \u00fatjai k\u00fcl\u00f6n v\u00e1ltak e t\u00e9ren, [&hellip;]","og_url":"https:\/\/gyor.lutheran.hu\/?page_id=379","og_site_name":"Gy\u0151ri Evang\u00e9likus Egyh\u00e1zk\u00f6zs\u00e9g","article_publisher":"https:\/\/www.facebook.com\/profile.php?id=100064848424606","article_modified_time":"2025-03-16T18:32:59+00:00","og_image":[{"width":2197,"height":2560,"url":"https:\/\/gyor.lutheran.hu\/wp-content\/uploads\/2025\/03\/IMG_0100-3-scaled.jpg","type":"image\/jpeg"}],"twitter_card":"summary_large_image","twitter_misc":{"Becs\u00fclt olvas\u00e1si id\u0151":"3 perc"},"schema":{"@context":"https:\/\/schema.org","@graph":[{"@type":"WebPage","@id":"https:\/\/gyor.lutheran.hu\/?page_id=379","url":"https:\/\/gyor.lutheran.hu\/?page_id=379","name":"Szabadhegyi Imah\u00e1z - Gy\u0151ri Evang\u00e9likus Egyh\u00e1zk\u00f6zs\u00e9g","isPartOf":{"@id":"https:\/\/gyor.lutheran.hu\/#website"},"primaryImageOfPage":{"@id":"https:\/\/gyor.lutheran.hu\/?page_id=379#primaryimage"},"image":{"@id":"https:\/\/gyor.lutheran.hu\/?page_id=379#primaryimage"},"thumbnailUrl":"https:\/\/gyor.lutheran.hu\/wp-content\/uploads\/2025\/03\/IMG_0100-3-scaled.jpg","datePublished":"2025-03-11T21:32:54+00:00","dateModified":"2025-03-16T18:32:59+00:00","breadcrumb":{"@id":"https:\/\/gyor.lutheran.hu\/?page_id=379#breadcrumb"},"inLanguage":"hu","potentialAction":[{"@type":"ReadAction","target":["https:\/\/gyor.lutheran.hu\/?page_id=379"]}]},{"@type":"ImageObject","inLanguage":"hu","@id":"https:\/\/gyor.lutheran.hu\/?page_id=379#primaryimage","url":"https:\/\/gyor.lutheran.hu\/wp-content\/uploads\/2025\/03\/IMG_0100-3-scaled.jpg","contentUrl":"https:\/\/gyor.lutheran.hu\/wp-content\/uploads\/2025\/03\/IMG_0100-3-scaled.jpg","width":2197,"height":2560},{"@type":"BreadcrumbList","@id":"https:\/\/gyor.lutheran.hu\/?page_id=379#breadcrumb","itemListElement":[{"@type":"ListItem","position":1,"name":"Home","item":"https:\/\/gyor.lutheran.hu\/"},{"@type":"ListItem","position":2,"name":"R\u00f3lunk","item":"https:\/\/gyor.lutheran.hu\/?page_id=18"},{"@type":"ListItem","position":3,"name":"Templomaink","item":"https:\/\/gyor.lutheran.hu\/?page_id=26"},{"@type":"ListItem","position":4,"name":"Szabadhegyi Imah\u00e1z"}]},{"@type":"WebSite","@id":"https:\/\/gyor.lutheran.hu\/#website","url":"https:\/\/gyor.lutheran.hu\/","name":"Gy\u0151ri Evang\u00e9likus Egyh\u00e1zk\u00f6zs\u00e9g","description":"","publisher":{"@id":"https:\/\/gyor.lutheran.hu\/#organization"},"potentialAction":[{"@type":"SearchAction","target":{"@type":"EntryPoint","urlTemplate":"https:\/\/gyor.lutheran.hu\/?s={search_term_string}"},"query-input":{"@type":"PropertyValueSpecification","valueRequired":true,"valueName":"search_term_string"}}],"inLanguage":"hu"},{"@type":"Organization","@id":"https:\/\/gyor.lutheran.hu\/#organization","name":"Gy\u0151ri Evang\u00e9likus Egyh\u00e1zk\u00f6zs\u00e9g","url":"https:\/\/gyor.lutheran.hu\/","logo":{"@type":"ImageObject","inLanguage":"hu","@id":"https:\/\/gyor.lutheran.hu\/#\/schema\/logo\/image\/","url":"https:\/\/gyor.lutheran.hu\/wp-content\/uploads\/2025\/02\/logo.jpg","contentUrl":"https:\/\/gyor.lutheran.hu\/wp-content\/uploads\/2025\/02\/logo.jpg","width":160,"height":160,"caption":"Gy\u0151ri Evang\u00e9likus Egyh\u00e1zk\u00f6zs\u00e9g"},"image":{"@id":"https:\/\/gyor.lutheran.hu\/#\/schema\/logo\/image\/"},"sameAs":["https:\/\/www.facebook.com\/profile.php?id=100064848424606"]}]}},"_links":{"self":[{"href":"https:\/\/gyor.lutheran.hu\/index.php?rest_route=\/wp\/v2\/pages\/379","targetHints":{"allow":["GET"]}}],"collection":[{"href":"https:\/\/gyor.lutheran.hu\/index.php?rest_route=\/wp\/v2\/pages"}],"about":[{"href":"https:\/\/gyor.lutheran.hu\/index.php?rest_route=\/wp\/v2\/types\/page"}],"author":[{"embeddable":true,"href":"https:\/\/gyor.lutheran.hu\/index.php?rest_route=\/wp\/v2\/users\/1"}],"replies":[{"embeddable":true,"href":"https:\/\/gyor.lutheran.hu\/index.php?rest_route=%2Fwp%2Fv2%2Fcomments&post=379"}],"version-history":[{"count":4,"href":"https:\/\/gyor.lutheran.hu\/index.php?rest_route=\/wp\/v2\/pages\/379\/revisions"}],"predecessor-version":[{"id":462,"href":"https:\/\/gyor.lutheran.hu\/index.php?rest_route=\/wp\/v2\/pages\/379\/revisions\/462"}],"up":[{"embeddable":true,"href":"https:\/\/gyor.lutheran.hu\/index.php?rest_route=\/wp\/v2\/pages\/26"}],"wp:attachment":[{"href":"https:\/\/gyor.lutheran.hu\/index.php?rest_route=%2Fwp%2Fv2%2Fmedia&parent=379"}],"curies":[{"name":"wp","href":"https:\/\/api.w.org\/{rel}","templated":true}]}}