{"id":612,"date":"2025-05-21T12:07:35","date_gmt":"2025-05-21T10:07:35","guid":{"rendered":"https:\/\/gyor.lutheran.hu\/?page_id=612"},"modified":"2025-05-21T12:52:22","modified_gmt":"2025-05-21T10:52:22","slug":"ajanlatteteli-felhivas-iskolagyumolcs-es-zoldseg-beszerzesere-a-2025-2026-os-tanitasi-evre","status":"publish","type":"page","link":"https:\/\/gyor.lutheran.hu\/?page_id=612","title":{"rendered":"Aj\u00e1nlatt\u00e9teli felh\u00edv\u00e1s iskolagy\u00fcm\u00f6lcs \u00e9s -z\u00f6lds\u00e9g beszerz\u00e9s\u00e9re a 2025\u20132026-os tan\u00edt\u00e1si \u00e9vre"},"content":{"rendered":"        <div id=\"ep-gutenberg-content-314d4f6bc94d6d7fa31aab03930dad10\" class=\"ep-gutenberg-content aligncenter ep-percentage-width   ep-content-protection-disabled\">\n            <div class=\"embedpress-inner-iframe emebedpress-unit-percent ep-doc-314d4f6bc94d6d7fa31aab03930dad10\" style=\"max-width:600%\" id=\"embedpress-pdf-1747824734121\">\n                <div >\n                    <div class=\"ep-embed-content-wraper\"><div class=\"position-right-wraper gutenberg-pdf-wraper\"><iframe title=\"Gy\u0151ri Evang\u00e9likus Gy\u00fclekezet aj\u00e1nlatt\u00e9teli felh\u00edv\u00e1s 2025.\" class=\"embedpress-embed-document-pdf embedpress-pdf-1747824734121\" style=\"width:600%;height:600px; max-width:100%; display: inline-block\" src=\"https:\/\/gyor.lutheran.hu\/wp-admin\/admin-ajax.php?action=get_viewer&#038;file=https%3A%2F%2Fgyor.lutheran.hu%2Fwp-content%2Fuploads%2F2025%2F05%2FGyori-Evangelikus-Gyulekezet-ajanlatteteli-felhivas-2025.pdf#key=dGhlbWVNb2RlPWRlZmF1bHQmdG9vbGJhcj10cnVlJnBvc2l0aW9uPXRvcCZwcmVzZW50YXRpb249dHJ1ZSZsYXp5TG9hZD1mYWxzZSZkb3dubG9hZD10cnVlJmNvcHlfdGV4dD10cnVlJmFkZF90ZXh0PXRydWUmZHJhdz1mYWxzZSZkb2Nfcm90YXRpb249dHJ1ZSZhZGRfaW1hZ2U9dHJ1ZSZkb2NfZGV0YWlscz10cnVlJnpvb21faW49dHJ1ZSZ6b29tX291dD10cnVlJmZpdF92aWV3PXRydWUmYm9va21hcms9dHJ1ZSZmbGlwYm9va190b29sYmFyX3Bvc2l0aW9uPWJvdHRvbSZzZWxlY3Rpb25fdG9vbD0wJnNjcm9sbGluZz0tMSZzcHJlYWRzPS0xJndhdGVybWFya190ZXh0PSZ3YXRlcm1hcmtfZm9udF9zaXplPTQ4JndhdGVybWFya19jb2xvcj0lMjMwMDAwMDAmd2F0ZXJtYXJrX29wYWNpdHk9MTUmd2F0ZXJtYXJrX3N0eWxlPWNlbnRlcg==\" frameborder=\"0\" oncontextmenu=\"return false;\"><\/iframe> <p class=\"embedpress-el-powered\">Powered By EmbedPress<\/p><\/div><\/div>                <\/div>\n            <\/div>\n        <\/div>\n    \n\n        <div id=\"ep-gutenberg-content-2db73eefd409e92280d60d7c034875db\" class=\"ep-gutenberg-content aligncenter ep-percentage-width   ep-content-protection-disabled\">\n            <div class=\"embedpress-inner-iframe emebedpress-unit-percent ep-doc-2db73eefd409e92280d60d7c034875db\" style=\"max-width:600%\" id=\"embedpress-pdf-1747821966907\">\n                <div >\n                    <div class=\"ep-embed-content-wraper\"><div class=\"position-right-wraper gutenberg-pdf-wraper\"><iframe title=\"Ajanlatteteli_felhivas_iskolagyumolcs_2025-26_2_melleklet_Tajekoztatas_es_hozzajarulo_nyilatkozat_adatkezelesrol\" class=\"embedpress-embed-document-pdf embedpress-pdf-1747821966907\" style=\"width:600%;height:600px; max-width:100%; display: inline-block\" src=\"https:\/\/gyor.lutheran.hu\/wp-admin\/admin-ajax.php?action=get_viewer&#038;file=https%3A%2F%2Fgyor.lutheran.hu%2Fwp-content%2Fuploads%2F2025%2F05%2FAjanlatteteli_felhivas_iskolagyumolcs_2025-26_2_melleklet_Tajekoztatas_es_hozzajarulo_nyilatkozat_adatkezelesrol.pdf#key=dGhlbWVNb2RlPWRlZmF1bHQmdG9vbGJhcj10cnVlJnBvc2l0aW9uPXRvcCZwcmVzZW50YXRpb249dHJ1ZSZsYXp5TG9hZD1mYWxzZSZkb3dubG9hZD10cnVlJmNvcHlfdGV4dD10cnVlJmFkZF90ZXh0PXRydWUmZHJhdz1mYWxzZSZkb2Nfcm90YXRpb249dHJ1ZSZhZGRfaW1hZ2U9dHJ1ZSZkb2NfZGV0YWlscz10cnVlJnpvb21faW49dHJ1ZSZ6b29tX291dD10cnVlJmZpdF92aWV3PXRydWUmYm9va21hcms9dHJ1ZSZmbGlwYm9va190b29sYmFyX3Bvc2l0aW9uPWJvdHRvbSZzZWxlY3Rpb25fdG9vbD0wJnNjcm9sbGluZz0tMSZzcHJlYWRzPS0xJndhdGVybWFya190ZXh0PSZ3YXRlcm1hcmtfZm9udF9zaXplPTQ4JndhdGVybWFya19jb2xvcj0lMjMwMDAwMDAmd2F0ZXJtYXJrX29wYWNpdHk9MTUmd2F0ZXJtYXJrX3N0eWxlPWNlbnRlcg==\" frameborder=\"0\" oncontextmenu=\"return false;\"><\/iframe> <p class=\"embedpress-el-powered\">Powered By EmbedPress<\/p><\/div><\/div>                <\/div>\n            <\/div>\n        <\/div>\n    ","protected":false},"excerpt":{"rendered":"","protected":false},"author":2,"featured_media":0,"parent":224,"menu_order":0,"comment_status":"closed","ping_status":"closed","template":"","meta":{"footnotes":""},"class_list":["post-612","page","type-page","status-publish","hentry"],"yoast_head":"<!-- This site is optimized with the Yoast SEO plugin v27.4 - https:\/\/yoast.com\/product\/yoast-seo-wordpress\/ -->\n<title>Aj\u00e1nlatt\u00e9teli felh\u00edv\u00e1s iskolagy\u00fcm\u00f6lcs \u00e9s -z\u00f6lds\u00e9g beszerz\u00e9s\u00e9re a 2025\u20132026-os tan\u00edt\u00e1si \u00e9vre - Gy\u0151ri Evang\u00e9likus Egyh\u00e1zk\u00f6zs\u00e9g<\/title>\n<meta name=\"robots\" content=\"index, follow, max-snippet:-1, max-image-preview:large, max-video-preview:-1\" \/>\n<link rel=\"canonical\" href=\"https:\/\/gyor.lutheran.hu\/?page_id=612\" \/>\n<meta property=\"og:locale\" content=\"hu_HU\" \/>\n<meta property=\"og:type\" content=\"article\" \/>\n<meta property=\"og:title\" content=\"Aj\u00e1nlatt\u00e9teli felh\u00edv\u00e1s iskolagy\u00fcm\u00f6lcs \u00e9s -z\u00f6lds\u00e9g beszerz\u00e9s\u00e9re a 2025\u20132026-os tan\u00edt\u00e1si \u00e9vre - Gy\u0151ri Evang\u00e9likus Egyh\u00e1zk\u00f6zs\u00e9g\" \/>\n<meta property=\"og:url\" content=\"https:\/\/gyor.lutheran.hu\/?page_id=612\" \/>\n<meta property=\"og:site_name\" content=\"Gy\u0151ri Evang\u00e9likus Egyh\u00e1zk\u00f6zs\u00e9g\" \/>\n<meta property=\"article:publisher\" content=\"https:\/\/www.facebook.com\/profile.php?id=100064848424606\" \/>\n<meta property=\"article:modified_time\" content=\"2025-05-21T10:52:22+00:00\" \/>\n<meta name=\"twitter:card\" content=\"summary_large_image\" \/>\n<script type=\"application\/ld+json\" class=\"yoast-schema-graph\">{\"@context\":\"https:\\\/\\\/schema.org\",\"@graph\":[{\"@type\":\"WebPage\",\"@id\":\"https:\\\/\\\/gyor.lutheran.hu\\\/?page_id=612\",\"url\":\"https:\\\/\\\/gyor.lutheran.hu\\\/?page_id=612\",\"name\":\"Aj\u00e1nlatt\u00e9teli felh\u00edv\u00e1s iskolagy\u00fcm\u00f6lcs \u00e9s -z\u00f6lds\u00e9g beszerz\u00e9s\u00e9re a 2025\u20132026-os tan\u00edt\u00e1si \u00e9vre - Gy\u0151ri Evang\u00e9likus Egyh\u00e1zk\u00f6zs\u00e9g\",\"isPartOf\":{\"@id\":\"https:\\\/\\\/gyor.lutheran.hu\\\/#website\"},\"datePublished\":\"2025-05-21T10:07:35+00:00\",\"dateModified\":\"2025-05-21T10:52:22+00:00\",\"breadcrumb\":{\"@id\":\"https:\\\/\\\/gyor.lutheran.hu\\\/?page_id=612#breadcrumb\"},\"inLanguage\":\"hu\",\"potentialAction\":[{\"@type\":\"ReadAction\",\"target\":[\"https:\\\/\\\/gyor.lutheran.hu\\\/?page_id=612\"]}]},{\"@type\":\"BreadcrumbList\",\"@id\":\"https:\\\/\\\/gyor.lutheran.hu\\\/?page_id=612#breadcrumb\",\"itemListElement\":[{\"@type\":\"ListItem\",\"position\":1,\"name\":\"Home\",\"item\":\"https:\\\/\\\/gyor.lutheran.hu\\\/\"},{\"@type\":\"ListItem\",\"position\":2,\"name\":\"Int\u00e9zm\u00e9nyeink\",\"item\":\"https:\\\/\\\/gyor.lutheran.hu\\\/?page_id=135\"},{\"@type\":\"ListItem\",\"position\":3,\"name\":\"Iskola &#8211; \u00f3voda\",\"item\":\"https:\\\/\\\/gyor.lutheran.hu\\\/?page_id=224\"},{\"@type\":\"ListItem\",\"position\":4,\"name\":\"Aj\u00e1nlatt\u00e9teli felh\u00edv\u00e1s iskolagy\u00fcm\u00f6lcs \u00e9s -z\u00f6lds\u00e9g beszerz\u00e9s\u00e9re a 2025\u20132026-os tan\u00edt\u00e1si \u00e9vre\"}]},{\"@type\":\"WebSite\",\"@id\":\"https:\\\/\\\/gyor.lutheran.hu\\\/#website\",\"url\":\"https:\\\/\\\/gyor.lutheran.hu\\\/\",\"name\":\"Gy\u0151ri Evang\u00e9likus Egyh\u00e1zk\u00f6zs\u00e9g\",\"description\":\"\",\"publisher\":{\"@id\":\"https:\\\/\\\/gyor.lutheran.hu\\\/#organization\"},\"potentialAction\":[{\"@type\":\"SearchAction\",\"target\":{\"@type\":\"EntryPoint\",\"urlTemplate\":\"https:\\\/\\\/gyor.lutheran.hu\\\/?s={search_term_string}\"},\"query-input\":{\"@type\":\"PropertyValueSpecification\",\"valueRequired\":true,\"valueName\":\"search_term_string\"}}],\"inLanguage\":\"hu\"},{\"@type\":\"Organization\",\"@id\":\"https:\\\/\\\/gyor.lutheran.hu\\\/#organization\",\"name\":\"Gy\u0151ri Evang\u00e9likus Egyh\u00e1zk\u00f6zs\u00e9g\",\"url\":\"https:\\\/\\\/gyor.lutheran.hu\\\/\",\"logo\":{\"@type\":\"ImageObject\",\"inLanguage\":\"hu\",\"@id\":\"https:\\\/\\\/gyor.lutheran.hu\\\/#\\\/schema\\\/logo\\\/image\\\/\",\"url\":\"https:\\\/\\\/gyor.lutheran.hu\\\/wp-content\\\/uploads\\\/2025\\\/02\\\/logo.jpg\",\"contentUrl\":\"https:\\\/\\\/gyor.lutheran.hu\\\/wp-content\\\/uploads\\\/2025\\\/02\\\/logo.jpg\",\"width\":160,\"height\":160,\"caption\":\"Gy\u0151ri Evang\u00e9likus Egyh\u00e1zk\u00f6zs\u00e9g\"},\"image\":{\"@id\":\"https:\\\/\\\/gyor.lutheran.hu\\\/#\\\/schema\\\/logo\\\/image\\\/\"},\"sameAs\":[\"https:\\\/\\\/www.facebook.com\\\/profile.php?id=100064848424606\"]}]}<\/script>\n<!-- \/ Yoast SEO plugin. -->","yoast_head_json":{"title":"Aj\u00e1nlatt\u00e9teli felh\u00edv\u00e1s iskolagy\u00fcm\u00f6lcs \u00e9s -z\u00f6lds\u00e9g beszerz\u00e9s\u00e9re a 2025\u20132026-os tan\u00edt\u00e1si \u00e9vre - Gy\u0151ri Evang\u00e9likus Egyh\u00e1zk\u00f6zs\u00e9g","robots":{"index":"index","follow":"follow","max-snippet":"max-snippet:-1","max-image-preview":"max-image-preview:large","max-video-preview":"max-video-preview:-1"},"canonical":"https:\/\/gyor.lutheran.hu\/?page_id=612","og_locale":"hu_HU","og_type":"article","og_title":"Aj\u00e1nlatt\u00e9teli felh\u00edv\u00e1s iskolagy\u00fcm\u00f6lcs \u00e9s -z\u00f6lds\u00e9g beszerz\u00e9s\u00e9re a 2025\u20132026-os tan\u00edt\u00e1si \u00e9vre - Gy\u0151ri Evang\u00e9likus Egyh\u00e1zk\u00f6zs\u00e9g","og_url":"https:\/\/gyor.lutheran.hu\/?page_id=612","og_site_name":"Gy\u0151ri Evang\u00e9likus Egyh\u00e1zk\u00f6zs\u00e9g","article_publisher":"https:\/\/www.facebook.com\/profile.php?id=100064848424606","article_modified_time":"2025-05-21T10:52:22+00:00","twitter_card":"summary_large_image","schema":{"@context":"https:\/\/schema.org","@graph":[{"@type":"WebPage","@id":"https:\/\/gyor.lutheran.hu\/?page_id=612","url":"https:\/\/gyor.lutheran.hu\/?page_id=612","name":"Aj\u00e1nlatt\u00e9teli felh\u00edv\u00e1s iskolagy\u00fcm\u00f6lcs \u00e9s -z\u00f6lds\u00e9g beszerz\u00e9s\u00e9re a 2025\u20132026-os tan\u00edt\u00e1si \u00e9vre - Gy\u0151ri Evang\u00e9likus Egyh\u00e1zk\u00f6zs\u00e9g","isPartOf":{"@id":"https:\/\/gyor.lutheran.hu\/#website"},"datePublished":"2025-05-21T10:07:35+00:00","dateModified":"2025-05-21T10:52:22+00:00","breadcrumb":{"@id":"https:\/\/gyor.lutheran.hu\/?page_id=612#breadcrumb"},"inLanguage":"hu","potentialAction":[{"@type":"ReadAction","target":["https:\/\/gyor.lutheran.hu\/?page_id=612"]}]},{"@type":"BreadcrumbList","@id":"https:\/\/gyor.lutheran.hu\/?page_id=612#breadcrumb","itemListElement":[{"@type":"ListItem","position":1,"name":"Home","item":"https:\/\/gyor.lutheran.hu\/"},{"@type":"ListItem","position":2,"name":"Int\u00e9zm\u00e9nyeink","item":"https:\/\/gyor.lutheran.hu\/?page_id=135"},{"@type":"ListItem","position":3,"name":"Iskola &#8211; \u00f3voda","item":"https:\/\/gyor.lutheran.hu\/?page_id=224"},{"@type":"ListItem","position":4,"name":"Aj\u00e1nlatt\u00e9teli felh\u00edv\u00e1s iskolagy\u00fcm\u00f6lcs \u00e9s -z\u00f6lds\u00e9g beszerz\u00e9s\u00e9re a 2025\u20132026-os tan\u00edt\u00e1si \u00e9vre"}]},{"@type":"WebSite","@id":"https:\/\/gyor.lutheran.hu\/#website","url":"https:\/\/gyor.lutheran.hu\/","name":"Gy\u0151ri Evang\u00e9likus Egyh\u00e1zk\u00f6zs\u00e9g","description":"","publisher":{"@id":"https:\/\/gyor.lutheran.hu\/#organization"},"potentialAction":[{"@type":"SearchAction","target":{"@type":"EntryPoint","urlTemplate":"https:\/\/gyor.lutheran.hu\/?s={search_term_string}"},"query-input":{"@type":"PropertyValueSpecification","valueRequired":true,"valueName":"search_term_string"}}],"inLanguage":"hu"},{"@type":"Organization","@id":"https:\/\/gyor.lutheran.hu\/#organization","name":"Gy\u0151ri Evang\u00e9likus Egyh\u00e1zk\u00f6zs\u00e9g","url":"https:\/\/gyor.lutheran.hu\/","logo":{"@type":"ImageObject","inLanguage":"hu","@id":"https:\/\/gyor.lutheran.hu\/#\/schema\/logo\/image\/","url":"https:\/\/gyor.lutheran.hu\/wp-content\/uploads\/2025\/02\/logo.jpg","contentUrl":"https:\/\/gyor.lutheran.hu\/wp-content\/uploads\/2025\/02\/logo.jpg","width":160,"height":160,"caption":"Gy\u0151ri Evang\u00e9likus Egyh\u00e1zk\u00f6zs\u00e9g"},"image":{"@id":"https:\/\/gyor.lutheran.hu\/#\/schema\/logo\/image\/"},"sameAs":["https:\/\/www.facebook.com\/profile.php?id=100064848424606"]}]}},"_links":{"self":[{"href":"https:\/\/gyor.lutheran.hu\/index.php?rest_route=\/wp\/v2\/pages\/612","targetHints":{"allow":["GET"]}}],"collection":[{"href":"https:\/\/gyor.lutheran.hu\/index.php?rest_route=\/wp\/v2\/pages"}],"about":[{"href":"https:\/\/gyor.lutheran.hu\/index.php?rest_route=\/wp\/v2\/types\/page"}],"author":[{"embeddable":true,"href":"https:\/\/gyor.lutheran.hu\/index.php?rest_route=\/wp\/v2\/users\/2"}],"replies":[{"embeddable":true,"href":"https:\/\/gyor.lutheran.hu\/index.php?rest_route=%2Fwp%2Fv2%2Fcomments&post=612"}],"version-history":[{"count":2,"href":"https:\/\/gyor.lutheran.hu\/index.php?rest_route=\/wp\/v2\/pages\/612\/revisions"}],"predecessor-version":[{"id":618,"href":"https:\/\/gyor.lutheran.hu\/index.php?rest_route=\/wp\/v2\/pages\/612\/revisions\/618"}],"up":[{"embeddable":true,"href":"https:\/\/gyor.lutheran.hu\/index.php?rest_route=\/wp\/v2\/pages\/224"}],"wp:attachment":[{"href":"https:\/\/gyor.lutheran.hu\/index.php?rest_route=%2Fwp%2Fv2%2Fmedia&parent=612"}],"curies":[{"name":"wp","href":"https:\/\/api.w.org\/{rel}","templated":true}]}}